{"id":2,"date":"2019-05-07T16:10:57","date_gmt":"2019-05-07T16:10:57","guid":{"rendered":"https:\/\/soloaseo.com\/web\/?page_id=2"},"modified":"2023-04-12T15:25:51","modified_gmt":"2023-04-12T15:25:51","slug":"limpiar-desinfectar","status":"publish","type":"page","link":"https:\/\/soloaseo.com\/web\/limpiar-desinfectar\/","title":{"rendered":"C\u00d3MO LIMPIAR Y DESINFECTAR"},"content":{"rendered":"<div class=\"wp-block-image\"><figure class=\"aligncenter size-large\"><img loading=\"lazy\" decoding=\"async\" width=\"1024\" height=\"683\" src=\"https:\/\/soloaseo.com\/web\/wp-content\/uploads\/2020\/05\/aseadores-logo-1-1024x683.png\" alt=\"\" class=\"wp-image-2105\" srcset=\"https:\/\/soloaseo.com\/web\/wp-content\/uploads\/2020\/05\/aseadores-logo-1-1024x683.png 1024w, https:\/\/soloaseo.com\/web\/wp-content\/uploads\/2020\/05\/aseadores-logo-1-300x200.png 300w, https:\/\/soloaseo.com\/web\/wp-content\/uploads\/2020\/05\/aseadores-logo-1-768x512.png 768w, https:\/\/soloaseo.com\/web\/wp-content\/uploads\/2020\/05\/aseadores-logo-1-725x483.png 725w, https:\/\/soloaseo.com\/web\/wp-content\/uploads\/2020\/05\/aseadores-logo-1-600x400.png 600w, https:\/\/soloaseo.com\/web\/wp-content\/uploads\/2020\/05\/aseadores-logo-1.png 1170w\" sizes=\"(max-width: 1024px) 100vw, 1024px\" \/><\/figure><\/div><h2 class=\"wp-block-heading\"><\/h2><h3 class=\"wp-block-heading\"><strong>Limpie<\/strong><\/h3><ul class=\"wp-block-list\"><li>Use guantes desechables o reutilizables para realizar la limpieza y desinfecci\u00f3n de rutina.<\/li><\/ul><ul class=\"wp-block-list\"><li>Limpie las superficies con agua y jab\u00f3n, y luego use <strong>Limpiador Desinfectante Soloaseo<\/strong>.<\/li><\/ul><ul class=\"wp-block-list\"><li>Limpiar con agua y jab\u00f3n&nbsp;reduce la cantidad de g\u00e9rmenes,&nbsp;suciedad e impurezas&nbsp;sobre la superficie.&nbsp;La desinfecci\u00f3n mata los g\u00e9rmenes&nbsp;en las superficies.<\/li><\/ul><ul class=\"wp-block-list\"><li>Practique la limpieza de rutina de las superficies que se tocan con m\u00e1s frecuencia. Las superficies de contacto frecuente incluyen:<\/li><\/ul><ul class=\"wp-block-list\"><li>Mesas, manijas de las puertas, interruptores de luz, mesones, manijas, escritorios, tel\u00e9fonos, teclados, inodoros, grifos, lavabos, etc.<\/li><\/ul><h2 class=\"wp-block-heading\"><\/h2><h3 class=\"wp-block-heading\"><strong>Desinfecte<\/strong><\/h3><ul class=\"wp-block-list\"><li>Recomiende el uso de&nbsp;desinfectantes Soloaseo. Siga&nbsp;las instrucciones que figuran en la etiqueta para garantizar un uso seguro y eficaz del producto.<br>Muchos productos recomiendan:<ul><li>Mantener h\u00fameda la superficie por un tiempo (vea la etiqueta del producto)<\/li><li>Precauciones como usar guantes y garantizar una buena ventilaci\u00f3n al usar el producto<\/li><\/ul><\/li><li>Tambi\u00e9n se pueden usar soluciones de<strong> Blanqueador<\/strong> <strong>Soloaseo<\/strong>&nbsp;si son apropiadas para la superficie.<ul><li>Revise la etiqueta para confirmar si el producto <strong>Blanqueador Soloaseo<\/strong> es apto para desinfecci\u00f3n y verifique que no est\u00e9 vencido. Algunos blanqueadores con cloro, como los dise\u00f1ados para usar de manera segura sobre ropa de color o para blanquear, posiblemente no sean \u00fatiles para desinfectar.<\/li><li>El <strong>Blanqueador Soloaseo<\/strong> que no est\u00e9 vencido ser\u00e1 eficaz contra los coronavirus si se diluye adecuadamente. Siga las instrucciones de la etiqueta en el producto para su aplicaci\u00f3n y ventilaci\u00f3n adecuada.&nbsp; Nunca mezcle el blanqueador con cloro con amon\u00edaco ni con otros productos de limpieza.<ul><li>Deje actuar la soluci\u00f3n sobre la superficie por al menos 1 minuto.<\/li><li>Para hacer una soluci\u00f3n de blanqueador con cloro, mezcle: 5 cucharadas (1\/3 de taza) de blanqueador con cloro por gal\u00f3n de agua O 4 cucharaditas de blanqueador con cloro por cuarto de gal\u00f3n de agua<\/li><li>Las soluciones de blanqueador con cloro ser\u00e1n efectivas para desinfectar por hasta 24 horas.<\/li><\/ul><\/li><\/ul><\/li><li>Tambi\u00e9n puede utilizar soluciones con al menos un <strong>70&nbsp;% de alcohol, <\/strong>como el <strong>Alcohol Industrial Soloaseo.<\/strong><\/li><\/ul><h2 class=\"wp-block-heading\"><\/h2><h3 class=\"wp-block-heading\"><strong>Superficies blandas<\/strong><\/h3><p>Para superficies blandas como pisos alfombrados, tapetes y cortinas.<\/p><ul class=\"wp-block-list\"><li><strong>Limpie la superficie con agua y jab\u00f3n<\/strong>&nbsp;o utilice el <strong>Shampoo de Alfombras Soloaseo.<\/strong><\/li><li><strong>Lave los objetos<\/strong>&nbsp;(de ser posible) seg\u00fan las instrucciones del fabricante. Use la m\u00e1xima temperatura de agua permitida y s\u00e9quelos completamente.<\/li><li><strong>Desinf\u00e9ctelos <\/strong>con el <strong>Limpiador Desinfectante Soloaseo <\/strong>o<strong> Alcohol Industrial Soloaseo.<\/strong>&nbsp;Estos desinfectantes cumplen los criterios de la EPA para combatir el&nbsp;COVID-19.<\/li><li><strong>Use la aspiradora como de costumbre.<\/strong><\/li><\/ul><p><\/p><h2 class=\"wp-block-heading\"><\/h2><h3 class=\"wp-block-heading\"><strong>Art\u00edculos electr\u00f3nicos<\/strong><\/h3><p>Para art\u00edculos electr\u00f3nicos, como tabletas, pantallas t\u00e1ctiles, teclados y controles remotos.<\/p><div class=\"wp-block-group\"><div class=\"wp-block-group__inner-container is-layout-flow wp-block-group-is-layout-flow\"><ul class=\"wp-block-list\"><li>Considere colocarles a los art\u00edculos electr\u00f3nicos una&nbsp;<strong>funda que pueda limpiarse<\/strong><\/li><li>Siga las&nbsp;<strong>instrucciones del fabricante<\/strong>&nbsp;para su limpieza y desinfecci\u00f3n.<ul><li>Si no se incluye ninguna instrucci\u00f3n, use toallitas a base de alcohol o rociadores que contengan al menos un&nbsp;70&nbsp;% de <strong>Alcohol Soloaseo<\/strong>. Seque la superficie por completo.<\/li><\/ul><\/li><\/ul><\/div><\/div><h2 class=\"wp-block-heading\"><\/h2><h3 class=\"wp-block-heading\"><strong>Ropa<\/strong><\/h3><p>Para ropa, toallas, ropa blanca y otros art\u00edculos.<\/p><ul class=\"wp-block-list\"><li>Lave los art\u00edculos seg\u00fan las instrucciones del fabricante. Use la m\u00e1xima temperatura de agua permitida y s\u00e9quelos completamente.<\/li><li><strong>Use guantes desechables<\/strong>&nbsp;al manipular ropa sucia de una persona enferma<strong>.<\/strong><\/li><li>La ropa sucia de una persona enferma se puede lavar con la de otras personas.<\/li><li><strong>No sacuda<\/strong>&nbsp;la ropa sucia.<\/li><li>Limpie y&nbsp;<strong>desinfecte los cestos de ropa<\/strong>&nbsp;seg\u00fan la gu\u00eda para superficies detallada arriba.<\/li><li>Qu\u00edtese los guantes y l\u00e1vese las manos de inmediato.<\/li><\/ul><!--nextpage--><h2 class=\"wp-block-heading\"><strong>L\u00edmpiese las manos con frecuencia<\/strong><\/h2><figure class=\"wp-block-image alignwide size-large\"><img loading=\"lazy\" decoding=\"async\" width=\"1024\" height=\"683\" src=\"https:\/\/soloaseo.com\/web\/wp-content\/uploads\/2020\/05\/LAVARSE-LAS-MANOS-SOLOASEO-1-1024x683.png\" alt=\"\" class=\"wp-image-2109\" srcset=\"https:\/\/soloaseo.com\/web\/wp-content\/uploads\/2020\/05\/LAVARSE-LAS-MANOS-SOLOASEO-1-1024x683.png 1024w, https:\/\/soloaseo.com\/web\/wp-content\/uploads\/2020\/05\/LAVARSE-LAS-MANOS-SOLOASEO-1-300x200.png 300w, https:\/\/soloaseo.com\/web\/wp-content\/uploads\/2020\/05\/LAVARSE-LAS-MANOS-SOLOASEO-1-768x512.png 768w, https:\/\/soloaseo.com\/web\/wp-content\/uploads\/2020\/05\/LAVARSE-LAS-MANOS-SOLOASEO-1-725x483.png 725w, https:\/\/soloaseo.com\/web\/wp-content\/uploads\/2020\/05\/LAVARSE-LAS-MANOS-SOLOASEO-1-600x400.png 600w, https:\/\/soloaseo.com\/web\/wp-content\/uploads\/2020\/05\/LAVARSE-LAS-MANOS-SOLOASEO-1.png 1170w\" sizes=\"(max-width: 1024px) 100vw, 1024px\" \/><\/figure><h2 class=\"wp-block-heading\"><\/h2><ul class=\"wp-block-list\"><li><strong>L\u00e1vese las manos frecuentemente<\/strong> con agua y<strong> Jab\u00f3n de Manos Soloaseo<\/strong> durante 20 segundos.<ul><li>L\u00e1vese siempre las manos de inmediato despu\u00e9s de quitarse guantes y luego de tener contacto con una persona enferma.<\/li><\/ul><\/li><li><strong>Desinfectante de manos:<\/strong> si no dispone de agua y jab\u00f3n y sus manos no est\u00e1n visiblemente sucias, use el <strong>Gel Antibacterial Soloaseo<\/strong> que contiene m\u00e1s del 60 % de alcohol. No obstante, si sus manos est\u00e1n visiblemente sucias, siempre debe lav\u00e1rselas con agua y Jab\u00f3n de Manos Soloaseo.<\/li><li><strong>Otros momentos clave en que debe lavarse las manos<\/strong>&nbsp;incluyen:<ul><li>Despu\u00e9s de sonarse la nariz, toser o estornudar<\/li><li>Despu\u00e9s de ir al ba\u00f1o<\/li><li>Antes de comer o preparar comidas<\/li><li>Despu\u00e9s de estar en contacto con animales o mascotas<\/li><li>Antes y despu\u00e9s de brindar cuidados de rutina a otra persona que necesite asistencia (p. ej., un ni\u00f1o)<\/li><\/ul><\/li><li><strong>Evite tocarse<\/strong>&nbsp;los ojos, la nariz y la boca con las manos sin lavar.<\/li><\/ul><h2 class=\"wp-block-heading\"><\/h2><!--nextpage--><h2 class=\"has-text-align-center wp-block-heading\"><strong>C<\/strong>uando hay una persona enferma<\/h2><figure class=\"wp-block-image size-large is-resized\"><img loading=\"lazy\" decoding=\"async\" src=\"https:\/\/soloaseo.com\/web\/wp-content\/uploads\/2023\/04\/Dise\u00f1o-sin-t\u00edtulo-9-1024x576.jpg\" alt=\"\" class=\"wp-image-2371\" width=\"1210\" height=\"681\" srcset=\"https:\/\/soloaseo.com\/web\/wp-content\/uploads\/2023\/04\/Dise\u00f1o-sin-t\u00edtulo-9-1024x576.jpg 1024w, https:\/\/soloaseo.com\/web\/wp-content\/uploads\/2023\/04\/Dise\u00f1o-sin-t\u00edtulo-9-300x169.jpg 300w, https:\/\/soloaseo.com\/web\/wp-content\/uploads\/2023\/04\/Dise\u00f1o-sin-t\u00edtulo-9-768x432.jpg 768w, https:\/\/soloaseo.com\/web\/wp-content\/uploads\/2023\/04\/Dise\u00f1o-sin-t\u00edtulo-9-859x483.jpg 859w, https:\/\/soloaseo.com\/web\/wp-content\/uploads\/2023\/04\/Dise\u00f1o-sin-t\u00edtulo-9-600x337.jpg 600w, https:\/\/soloaseo.com\/web\/wp-content\/uploads\/2023\/04\/Dise\u00f1o-sin-t\u00edtulo-9.jpg 1366w\" sizes=\"(max-width: 1210px) 100vw, 1210px\" \/><\/figure><h3 class=\"wp-block-heading\"><strong>Habitaci\u00f3n y ba\u00f1o<\/strong><\/h3><p>Si es posible, tenga una&nbsp;<strong>habitaci\u00f3n y ba\u00f1o separados para la persona enferma<\/strong>.<\/p><p>La persona enferma deber permanecer separada del resto de las personas del hogar (tanto como sea posible).<\/p><p><strong>Si tiene una habitaci\u00f3n y ba\u00f1o separados<\/strong>: use guantes desechables y solo limpie el \u00e1rea que rodea a la persona enferma, seg\u00fan sea necesario, cuando el lugar est\u00e9 sucio. De esta manera limitar\u00e1 el contacto con la persona enferma.<\/p><p>Los cuidadores pueden<strong>&nbsp;proporcionar suministros de aseo personal<\/strong>&nbsp;a la persona enferma (si corresponde). Los suministros incluyen pa\u00f1uelos desechables, toallas de papel, limpiadores y&nbsp;<strong>Desinfectantes Soloaseo<\/strong>. Si se siente en condiciones para hacerlo, la persona enferma puede limpiar su propio espacio.<\/p><p><strong>Si el ba\u00f1o es compartido<\/strong>: la persona enferma debe limpiar y desinfectar luego de cada uso. Si no es posible, la persona encargada de los cuidados debe esperar tanto como sea posible antes de iniciar las tareas de limpieza y desinfecci\u00f3n.<\/p><h2 class=\"wp-block-heading\"><\/h2><h3 class=\"wp-block-heading\"><strong>Alimentos<\/strong><\/h3><p><strong>Mant\u00e9ngase separado:<\/strong>&nbsp;de ser posible, la persona enferma debe comer (o ser alimentada) en su habitaci\u00f3n.<\/p><p><strong>Use guantes desechables y agua caliente para lavar platos, vasos, cubiertos y utensilios:<\/strong>&nbsp;use guantes para manipular platos, tazas\/vasos o cubiertos usados. L\u00e1velos con jab\u00f3n y agua caliente o en el lavavajillas.<\/p><p>L\u00edmpiese las manos&nbsp;despu\u00e9s de quitarse los guantes o manipular art\u00edculos usados.<\/p><h2 class=\"wp-block-heading\"><\/h2><h3 class=\"wp-block-heading\"><strong>Basura<\/strong><\/h3><p><strong>Cesto con bolsa de uso exclusivo:<\/strong>&nbsp;de ser posible, destine un cesto de basura con bolsa para el uso exclusivo de la persona enferma. Use guantes desechables para retirar las bolsas de basura y para manipular y desechar los residuos. L\u00e1vese las manos al terminar.<\/p>","protected":false},"excerpt":{"rendered":"<p>Limpie Use guantes desechables o reutilizables para realizar la limpieza y desinfecci\u00f3n de rutina. Limpie las superficies con agua y jab\u00f3n, y luego use Limpiador Desinfectante Soloaseo. Limpiar con agua y jab\u00f3n&nbsp;reduce la cantidad de g\u00e9rmenes,&nbsp;suciedad e impurezas&nbsp;sobre la superficie.&nbsp;La desinfecci\u00f3n mata los g\u00e9rmenes&nbsp;en las superficies. Practique la limpieza de rutina de las superficies que [&hellip;]<\/p>\n","protected":false},"author":2,"featured_media":0,"parent":0,"menu_order":0,"comment_status":"closed","ping_status":"open","template":"","meta":{"_editorskit_title_hidden":false,"_editorskit_reading_time":0,"_editorskit_is_block_options_detached":false,"_editorskit_block_options_position":"{}","_joinchat":[],"footnotes":""},"class_list":["post-2","page","type-page","status-publish","hentry"],"yoast_head":"<!-- This site is optimized with the Yoast SEO plugin v25.6 - https:\/\/yoast.com\/wordpress\/plugins\/seo\/ -->\n<title>C\u00d3MO LIMPIAR Y DESINFECTAR - Soloaseo Distribuciones SAS<\/title>\n<meta name=\"robots\" content=\"index, follow, max-snippet:-1, max-image-preview:large, max-video-preview:-1\" \/>\n<link rel=\"canonical\" href=\"https:\/\/soloaseo.com\/web\/limpiar-desinfectar\/\" \/>\n<link rel=\"next\" href=\"https:\/\/soloaseo.com\/web\/limpiar-desinfectar\/2\/\" \/>\n<meta property=\"og:locale\" content=\"es_ES\" \/>\n<meta property=\"og:type\" content=\"article\" \/>\n<meta property=\"og:title\" content=\"C\u00d3MO LIMPIAR Y DESINFECTAR - Soloaseo Distribuciones SAS\" \/>\n<meta property=\"og:description\" content=\"Limpie Use guantes desechables o reutilizables para realizar la limpieza y desinfecci\u00f3n de rutina. Limpie las superficies con agua y jab\u00f3n, y luego use Limpiador Desinfectante Soloaseo. Limpiar con agua y jab\u00f3n&nbsp;reduce la cantidad de g\u00e9rmenes,&nbsp;suciedad e impurezas&nbsp;sobre la superficie.&nbsp;La desinfecci\u00f3n mata los g\u00e9rmenes&nbsp;en las superficies. Practique la limpieza de rutina de las superficies que [&hellip;]\" \/>\n<meta property=\"og:url\" content=\"https:\/\/soloaseo.com\/web\/limpiar-desinfectar\/\" \/>\n<meta property=\"og:site_name\" content=\"Soloaseo Distribuciones SAS\" \/>\n<meta property=\"article:publisher\" content=\"https:\/\/www.facebook.com\/Soloaseo\/\" \/>\n<meta property=\"article:modified_time\" content=\"2023-04-12T15:25:51+00:00\" \/>\n<meta property=\"og:image\" content=\"https:\/\/soloaseo.com\/web\/wp-content\/uploads\/2020\/05\/aseadores-logo-1-1024x683.png\" \/>\n<meta name=\"twitter:card\" content=\"summary_large_image\" \/>\n<meta name=\"twitter:label1\" content=\"Tiempo de lectura\" \/>\n\t<meta name=\"twitter:data1\" content=\"5 minutos\" \/>\n<script type=\"application\/ld+json\" class=\"yoast-schema-graph\">{\"@context\":\"https:\/\/schema.org\",\"@graph\":[{\"@type\":\"WebPage\",\"@id\":\"https:\/\/soloaseo.com\/web\/limpiar-desinfectar\/\",\"url\":\"https:\/\/soloaseo.com\/web\/limpiar-desinfectar\/\",\"name\":\"C\u00d3MO LIMPIAR Y DESINFECTAR - Soloaseo Distribuciones SAS\",\"isPartOf\":{\"@id\":\"https:\/\/soloaseo.com\/web\/#website\"},\"primaryImageOfPage\":{\"@id\":\"https:\/\/soloaseo.com\/web\/limpiar-desinfectar\/#primaryimage\"},\"image\":{\"@id\":\"https:\/\/soloaseo.com\/web\/limpiar-desinfectar\/#primaryimage\"},\"thumbnailUrl\":\"https:\/\/soloaseo.com\/web\/wp-content\/uploads\/2020\/05\/aseadores-logo-1-1024x683.png\",\"datePublished\":\"2019-05-07T16:10:57+00:00\",\"dateModified\":\"2023-04-12T15:25:51+00:00\",\"inLanguage\":\"es\",\"potentialAction\":[{\"@type\":\"ReadAction\",\"target\":[\"https:\/\/soloaseo.com\/web\/limpiar-desinfectar\/\"]}]},{\"@type\":\"ImageObject\",\"inLanguage\":\"es\",\"@id\":\"https:\/\/soloaseo.com\/web\/limpiar-desinfectar\/#primaryimage\",\"url\":\"https:\/\/soloaseo.com\/web\/wp-content\/uploads\/2020\/05\/aseadores-logo-1.png\",\"contentUrl\":\"https:\/\/soloaseo.com\/web\/wp-content\/uploads\/2020\/05\/aseadores-logo-1.png\",\"width\":1170,\"height\":780},{\"@type\":\"WebSite\",\"@id\":\"https:\/\/soloaseo.com\/web\/#website\",\"url\":\"https:\/\/soloaseo.com\/web\/\",\"name\":\"Soloaseo Distribuciones SAS\",\"description\":\"Empresa distribuidora de productos de limpieza y suministros de higiene para su negocio.\",\"potentialAction\":[{\"@type\":\"SearchAction\",\"target\":{\"@type\":\"EntryPoint\",\"urlTemplate\":\"https:\/\/soloaseo.com\/web\/?s={search_term_string}\"},\"query-input\":{\"@type\":\"PropertyValueSpecification\",\"valueRequired\":true,\"valueName\":\"search_term_string\"}}],\"inLanguage\":\"es\"}]}<\/script>\n<!-- \/ Yoast SEO plugin. -->","yoast_head_json":{"title":"C\u00d3MO LIMPIAR Y DESINFECTAR - Soloaseo Distribuciones SAS","robots":{"index":"index","follow":"follow","max-snippet":"max-snippet:-1","max-image-preview":"max-image-preview:large","max-video-preview":"max-video-preview:-1"},"canonical":"https:\/\/soloaseo.com\/web\/limpiar-desinfectar\/","next":"https:\/\/soloaseo.com\/web\/limpiar-desinfectar\/2\/","og_locale":"es_ES","og_type":"article","og_title":"C\u00d3MO LIMPIAR Y DESINFECTAR - Soloaseo Distribuciones SAS","og_description":"Limpie Use guantes desechables o reutilizables para realizar la limpieza y desinfecci\u00f3n de rutina. Limpie las superficies con agua y jab\u00f3n, y luego use Limpiador Desinfectante Soloaseo. Limpiar con agua y jab\u00f3n&nbsp;reduce la cantidad de g\u00e9rmenes,&nbsp;suciedad e impurezas&nbsp;sobre la superficie.&nbsp;La desinfecci\u00f3n mata los g\u00e9rmenes&nbsp;en las superficies. Practique la limpieza de rutina de las superficies que [&hellip;]","og_url":"https:\/\/soloaseo.com\/web\/limpiar-desinfectar\/","og_site_name":"Soloaseo Distribuciones SAS","article_publisher":"https:\/\/www.facebook.com\/Soloaseo\/","article_modified_time":"2023-04-12T15:25:51+00:00","og_image":[{"url":"https:\/\/soloaseo.com\/web\/wp-content\/uploads\/2020\/05\/aseadores-logo-1-1024x683.png","type":"","width":"","height":""}],"twitter_card":"summary_large_image","twitter_misc":{"Tiempo de lectura":"5 minutos"},"schema":{"@context":"https:\/\/schema.org","@graph":[{"@type":"WebPage","@id":"https:\/\/soloaseo.com\/web\/limpiar-desinfectar\/","url":"https:\/\/soloaseo.com\/web\/limpiar-desinfectar\/","name":"C\u00d3MO LIMPIAR Y DESINFECTAR - Soloaseo Distribuciones SAS","isPartOf":{"@id":"https:\/\/soloaseo.com\/web\/#website"},"primaryImageOfPage":{"@id":"https:\/\/soloaseo.com\/web\/limpiar-desinfectar\/#primaryimage"},"image":{"@id":"https:\/\/soloaseo.com\/web\/limpiar-desinfectar\/#primaryimage"},"thumbnailUrl":"https:\/\/soloaseo.com\/web\/wp-content\/uploads\/2020\/05\/aseadores-logo-1-1024x683.png","datePublished":"2019-05-07T16:10:57+00:00","dateModified":"2023-04-12T15:25:51+00:00","inLanguage":"es","potentialAction":[{"@type":"ReadAction","target":["https:\/\/soloaseo.com\/web\/limpiar-desinfectar\/"]}]},{"@type":"ImageObject","inLanguage":"es","@id":"https:\/\/soloaseo.com\/web\/limpiar-desinfectar\/#primaryimage","url":"https:\/\/soloaseo.com\/web\/wp-content\/uploads\/2020\/05\/aseadores-logo-1.png","contentUrl":"https:\/\/soloaseo.com\/web\/wp-content\/uploads\/2020\/05\/aseadores-logo-1.png","width":1170,"height":780},{"@type":"WebSite","@id":"https:\/\/soloaseo.com\/web\/#website","url":"https:\/\/soloaseo.com\/web\/","name":"Soloaseo Distribuciones SAS","description":"Empresa distribuidora de productos de limpieza y suministros de higiene para su negocio.","potentialAction":[{"@type":"SearchAction","target":{"@type":"EntryPoint","urlTemplate":"https:\/\/soloaseo.com\/web\/?s={search_term_string}"},"query-input":{"@type":"PropertyValueSpecification","valueRequired":true,"valueName":"search_term_string"}}],"inLanguage":"es"}]}},"jetpack_sharing_enabled":true,"_links":{"self":[{"href":"https:\/\/soloaseo.com\/web\/wp-json\/wp\/v2\/pages\/2"}],"collection":[{"href":"https:\/\/soloaseo.com\/web\/wp-json\/wp\/v2\/pages"}],"about":[{"href":"https:\/\/soloaseo.com\/web\/wp-json\/wp\/v2\/types\/page"}],"author":[{"embeddable":true,"href":"https:\/\/soloaseo.com\/web\/wp-json\/wp\/v2\/users\/2"}],"replies":[{"embeddable":true,"href":"https:\/\/soloaseo.com\/web\/wp-json\/wp\/v2\/comments?post=2"}],"version-history":[{"count":9,"href":"https:\/\/soloaseo.com\/web\/wp-json\/wp\/v2\/pages\/2\/revisions"}],"predecessor-version":[{"id":2372,"href":"https:\/\/soloaseo.com\/web\/wp-json\/wp\/v2\/pages\/2\/revisions\/2372"}],"wp:attachment":[{"href":"https:\/\/soloaseo.com\/web\/wp-json\/wp\/v2\/media?parent=2"}],"curies":[{"name":"wp","href":"https:\/\/api.w.org\/{rel}","templated":true}]}}