{"id":2561,"date":"2024-04-27T11:08:16","date_gmt":"2024-04-27T16:08:16","guid":{"rendered":"https:\/\/soloaseo.com\/web\/?post_type=product&#038;p=2561"},"modified":"2026-02-06T21:09:19","modified_gmt":"2026-02-07T02:09:19","slug":"cafe-instantaneo-descafeinado-de-colcafe","status":"publish","type":"product","link":"https:\/\/soloaseo.com\/web\/producto\/cafe-instantaneo-descafeinado-de-colcafe\/","title":{"rendered":"Caf\u00e9 Instant\u00e1neo Descafeinado Colcaf\u00e9"},"content":{"rendered":"<p>\u00a1Descubre el placer del caf\u00e9 sin cafe\u00edna con nuestro Caf\u00e9 Instant\u00e1neo Descafeinado de 200 gramos de Colcaf\u00e9!<\/p>\n<p>En Soloaseo, sabemos que cada persona tiene sus propias preferencias cuando se trata de caf\u00e9, y es por eso que ofrecemos esta opci\u00f3n descafeinada para aquellos que desean disfrutar del sabor sin los efectos de la cafe\u00edna.<\/p>\n<p>Nuestro Caf\u00e9 Instant\u00e1neo Descafeinado de Colcaf\u00e9 conserva todo el sabor y el aroma caracter\u00edsticos del caf\u00e9, pero con un contenido reducido de cafe\u00edna, lo que lo convierte en la elecci\u00f3n perfecta para quienes buscan una alternativa m\u00e1s suave y ligera.<\/p>\n<p>Preparar una taza de este caf\u00e9 es r\u00e1pido y f\u00e1cil: simplemente agrega agua caliente y disfruta de un momento de puro placer sin preocuparte por los efectos estimulantes de la cafe\u00edna.<\/p>\n<p>Con su presentaci\u00f3n en envase de 200 gramos, tendr\u00e1s suficiente caf\u00e9 descafeinado para disfrutar en casa, en la oficina o dondequiera que te encuentres. Adem\u00e1s, su practicidad lo hace ideal para llevar contigo en tus viajes o actividades diarias.<\/p>\n<p>Disfruta del sabor aut\u00e9ntico del caf\u00e9 en cualquier momento del d\u00eda con nuestro Caf\u00e9 Instant\u00e1neo Descafeinado de Colcaf\u00e9. \u00a1Ord\u00e9nalo ahora y descubre una nueva forma de disfrutar del caf\u00e9 sin cafe\u00edna!<\/p>\n","protected":false},"excerpt":{"rendered":"<div class=\"col-xs-6\">\n<ul class=\"marker-list-arrow\">\n<li>Marca<\/li>\n<li>Codigo Siigo<\/li>\n<li>Presentaci\u00f3n<\/li>\n<\/ul>\n<\/div>\n<div class=\"col-xs-6\">\n<ul class=\"no-marker\">\n<li>Colcaf\u00e9<\/li>\n<li>A00117<\/li>\n<li>170 gr<\/li>\n<\/ul>\n<\/div>\n<p>&nbsp;<\/p>\n<p>&nbsp;<\/p>\n","protected":false},"featured_media":2562,"comment_status":"open","ping_status":"closed","template":"","meta":{"_editorskit_title_hidden":false,"_editorskit_reading_time":0,"_editorskit_is_block_options_detached":false,"_editorskit_block_options_position":"{}","_joinchat":{"telephone":"+573173710952","message_text":"\u00a1Disfruta del aut\u00e9ntico sabor del caf\u00e9 sin cafe\u00edna! Ordena ahora nuestro Caf\u00e9 Instant\u00e1neo Descafeinado de Colcaf\u00e9 y haz de cada taza un momento de placer sin preocupaciones."}},"product_brand":[],"product_cat":[77,75],"product_tag":[],"class_list":{"0":"post-2561","1":"product","2":"type-product","3":"status-publish","4":"has-post-thumbnail","6":"product_cat-cafe-exclusivo-oficinas","7":"product_cat-productos-para-cafeteria","9":"first","10":"instock","11":"virtual","12":"product-type-simple"},"yoast_head":"<!-- This site is optimized with the Yoast SEO plugin v25.6 - https:\/\/yoast.com\/wordpress\/plugins\/seo\/ -->\n<title>Caf\u00e9 Instant\u00e1neo Descafeinado Colcaf\u00e9 - Soloaseo Distribuciones SAS<\/title>\n<meta name=\"description\" content=\"\u00a1Descubre el placer del caf\u00e9 sin cafe\u00edna con nuestro Caf\u00e9 Instant\u00e1neo Descafeinado de 200 gramos de Colcaf\u00e9!En Soloaseo, sabemos que cada persona tiene sus propias preferencias cuando se trata de caf\u00e9, y es por eso que ofrecemos esta opci\u00f3n descafeinada para aquellos que desean disfrutar del sabor sin los efectos de la cafe\u00edna.Nuestro Caf\u00e9 Instant\u00e1neo Descafeinado de Colcaf\u00e9 conserva todo el sabor y el aroma caracter\u00edsticos del caf\u00e9, pero con un contenido reducido de cafe\u00edna, lo que lo convierte en la elecci\u00f3n perfecta para quienes buscan una alternativa m\u00e1s suave y ligera.\" \/>\n<meta name=\"robots\" content=\"index, follow, max-snippet:-1, max-image-preview:large, max-video-preview:-1\" \/>\n<link rel=\"canonical\" href=\"https:\/\/soloaseo.com\/web\/producto\/cafe-instantaneo-descafeinado-de-colcafe\/\" \/>\n<meta property=\"og:locale\" content=\"es_ES\" \/>\n<meta property=\"og:type\" content=\"article\" \/>\n<meta property=\"og:title\" content=\"Caf\u00e9 Instant\u00e1neo Descafeinado Colcaf\u00e9 - Soloaseo Distribuciones SAS\" \/>\n<meta property=\"og:description\" content=\"\u00a1Descubre el placer del caf\u00e9 sin cafe\u00edna con nuestro Caf\u00e9 Instant\u00e1neo Descafeinado de 200 gramos de Colcaf\u00e9!En Soloaseo, sabemos que cada persona tiene sus propias preferencias cuando se trata de caf\u00e9, y es por eso que ofrecemos esta opci\u00f3n descafeinada para aquellos que desean disfrutar del sabor sin los efectos de la cafe\u00edna.Nuestro Caf\u00e9 Instant\u00e1neo Descafeinado de Colcaf\u00e9 conserva todo el sabor y el aroma caracter\u00edsticos del caf\u00e9, pero con un contenido reducido de cafe\u00edna, lo que lo convierte en la elecci\u00f3n perfecta para quienes buscan una alternativa m\u00e1s suave y ligera.\" \/>\n<meta property=\"og:url\" content=\"https:\/\/soloaseo.com\/web\/producto\/cafe-instantaneo-descafeinado-de-colcafe\/\" \/>\n<meta property=\"og:site_name\" content=\"Soloaseo Distribuciones SAS\" \/>\n<meta property=\"article:publisher\" content=\"https:\/\/www.facebook.com\/Soloaseo\/\" \/>\n<meta property=\"article:modified_time\" content=\"2026-02-07T02:09:19+00:00\" \/>\n<meta property=\"og:image\" content=\"https:\/\/soloaseo.com\/web\/wp-content\/uploads\/2024\/04\/A00117-CAFE-INSTANTANEO-DESCAFEINADO-200-GR-COLCAFE.png\" \/>\n\t<meta property=\"og:image:width\" content=\"500\" \/>\n\t<meta property=\"og:image:height\" content=\"375\" \/>\n\t<meta property=\"og:image:type\" content=\"image\/png\" \/>\n<meta name=\"twitter:card\" content=\"summary_large_image\" \/>\n<meta name=\"twitter:label1\" content=\"Tiempo de lectura\" \/>\n\t<meta name=\"twitter:data1\" content=\"1 minuto\" \/>\n<script type=\"application\/ld+json\" class=\"yoast-schema-graph\">{\"@context\":\"https:\/\/schema.org\",\"@graph\":[{\"@type\":\"WebPage\",\"@id\":\"https:\/\/soloaseo.com\/web\/producto\/cafe-instantaneo-descafeinado-de-colcafe\/\",\"url\":\"https:\/\/soloaseo.com\/web\/producto\/cafe-instantaneo-descafeinado-de-colcafe\/\",\"name\":\"Caf\u00e9 Instant\u00e1neo Descafeinado Colcaf\u00e9 - Soloaseo Distribuciones SAS\",\"isPartOf\":{\"@id\":\"https:\/\/soloaseo.com\/web\/#website\"},\"primaryImageOfPage\":{\"@id\":\"https:\/\/soloaseo.com\/web\/producto\/cafe-instantaneo-descafeinado-de-colcafe\/#primaryimage\"},\"image\":{\"@id\":\"https:\/\/soloaseo.com\/web\/producto\/cafe-instantaneo-descafeinado-de-colcafe\/#primaryimage\"},\"thumbnailUrl\":\"https:\/\/soloaseo.com\/web\/wp-content\/uploads\/2024\/04\/A00117-CAFE-INSTANTANEO-DESCAFEINADO-200-GR-COLCAFE.png\",\"datePublished\":\"2024-04-27T16:08:16+00:00\",\"dateModified\":\"2026-02-07T02:09:19+00:00\",\"description\":\"\u00a1Descubre el placer del caf\u00e9 sin cafe\u00edna con nuestro Caf\u00e9 Instant\u00e1neo Descafeinado de 200 gramos de Colcaf\u00e9!En Soloaseo, sabemos que cada persona tiene sus propias preferencias cuando se trata de caf\u00e9, y es por eso que ofrecemos esta opci\u00f3n descafeinada para aquellos que desean disfrutar del sabor sin los efectos de la cafe\u00edna.Nuestro Caf\u00e9 Instant\u00e1neo Descafeinado de Colcaf\u00e9 conserva todo el sabor y el aroma caracter\u00edsticos del caf\u00e9, pero con un contenido reducido de cafe\u00edna, lo que lo convierte en la elecci\u00f3n perfecta para quienes buscan una alternativa m\u00e1s suave y ligera.\",\"breadcrumb\":{\"@id\":\"https:\/\/soloaseo.com\/web\/producto\/cafe-instantaneo-descafeinado-de-colcafe\/#breadcrumb\"},\"inLanguage\":\"es\",\"potentialAction\":[{\"@type\":\"ReadAction\",\"target\":[\"https:\/\/soloaseo.com\/web\/producto\/cafe-instantaneo-descafeinado-de-colcafe\/\"]}]},{\"@type\":\"ImageObject\",\"inLanguage\":\"es\",\"@id\":\"https:\/\/soloaseo.com\/web\/producto\/cafe-instantaneo-descafeinado-de-colcafe\/#primaryimage\",\"url\":\"https:\/\/soloaseo.com\/web\/wp-content\/uploads\/2024\/04\/A00117-CAFE-INSTANTANEO-DESCAFEINADO-200-GR-COLCAFE.png\",\"contentUrl\":\"https:\/\/soloaseo.com\/web\/wp-content\/uploads\/2024\/04\/A00117-CAFE-INSTANTANEO-DESCAFEINADO-200-GR-COLCAFE.png\",\"width\":500,\"height\":375},{\"@type\":\"BreadcrumbList\",\"@id\":\"https:\/\/soloaseo.com\/web\/producto\/cafe-instantaneo-descafeinado-de-colcafe\/#breadcrumb\",\"itemListElement\":[{\"@type\":\"ListItem\",\"position\":1,\"name\":\"Home\",\"item\":\"https:\/\/soloaseo.com\/web\/\"},{\"@type\":\"ListItem\",\"position\":2,\"name\":\"Productos\",\"item\":\"https:\/\/soloaseo.com\/web\/shop\/\"},{\"@type\":\"ListItem\",\"position\":3,\"name\":\"Caf\u00e9 Instant\u00e1neo Descafeinado Colcaf\u00e9\"}]},{\"@type\":\"WebSite\",\"@id\":\"https:\/\/soloaseo.com\/web\/#website\",\"url\":\"https:\/\/soloaseo.com\/web\/\",\"name\":\"Soloaseo Distribuciones SAS\",\"description\":\"Empresa distribuidora de productos de limpieza y suministros de higiene para su negocio.\",\"potentialAction\":[{\"@type\":\"SearchAction\",\"target\":{\"@type\":\"EntryPoint\",\"urlTemplate\":\"https:\/\/soloaseo.com\/web\/?s={search_term_string}\"},\"query-input\":{\"@type\":\"PropertyValueSpecification\",\"valueRequired\":true,\"valueName\":\"search_term_string\"}}],\"inLanguage\":\"es\"}]}<\/script>\n<!-- \/ Yoast SEO plugin. -->","yoast_head_json":{"title":"Caf\u00e9 Instant\u00e1neo Descafeinado Colcaf\u00e9 - Soloaseo Distribuciones SAS","description":"\u00a1Descubre el placer del caf\u00e9 sin cafe\u00edna con nuestro Caf\u00e9 Instant\u00e1neo Descafeinado de 200 gramos de Colcaf\u00e9!En Soloaseo, sabemos que cada persona tiene sus propias preferencias cuando se trata de caf\u00e9, y es por eso que ofrecemos esta opci\u00f3n descafeinada para aquellos que desean disfrutar del sabor sin los efectos de la cafe\u00edna.Nuestro Caf\u00e9 Instant\u00e1neo Descafeinado de Colcaf\u00e9 conserva todo el sabor y el aroma caracter\u00edsticos del caf\u00e9, pero con un contenido reducido de cafe\u00edna, lo que lo convierte en la elecci\u00f3n perfecta para quienes buscan una alternativa m\u00e1s suave y ligera.","robots":{"index":"index","follow":"follow","max-snippet":"max-snippet:-1","max-image-preview":"max-image-preview:large","max-video-preview":"max-video-preview:-1"},"canonical":"https:\/\/soloaseo.com\/web\/producto\/cafe-instantaneo-descafeinado-de-colcafe\/","og_locale":"es_ES","og_type":"article","og_title":"Caf\u00e9 Instant\u00e1neo Descafeinado Colcaf\u00e9 - Soloaseo Distribuciones SAS","og_description":"\u00a1Descubre el placer del caf\u00e9 sin cafe\u00edna con nuestro Caf\u00e9 Instant\u00e1neo Descafeinado de 200 gramos de Colcaf\u00e9!En Soloaseo, sabemos que cada persona tiene sus propias preferencias cuando se trata de caf\u00e9, y es por eso que ofrecemos esta opci\u00f3n descafeinada para aquellos que desean disfrutar del sabor sin los efectos de la cafe\u00edna.Nuestro Caf\u00e9 Instant\u00e1neo Descafeinado de Colcaf\u00e9 conserva todo el sabor y el aroma caracter\u00edsticos del caf\u00e9, pero con un contenido reducido de cafe\u00edna, lo que lo convierte en la elecci\u00f3n perfecta para quienes buscan una alternativa m\u00e1s suave y ligera.","og_url":"https:\/\/soloaseo.com\/web\/producto\/cafe-instantaneo-descafeinado-de-colcafe\/","og_site_name":"Soloaseo Distribuciones SAS","article_publisher":"https:\/\/www.facebook.com\/Soloaseo\/","article_modified_time":"2026-02-07T02:09:19+00:00","og_image":[{"width":500,"height":375,"url":"https:\/\/soloaseo.com\/web\/wp-content\/uploads\/2024\/04\/A00117-CAFE-INSTANTANEO-DESCAFEINADO-200-GR-COLCAFE.png","type":"image\/png"}],"twitter_card":"summary_large_image","twitter_misc":{"Tiempo de lectura":"1 minuto"},"schema":{"@context":"https:\/\/schema.org","@graph":[{"@type":"WebPage","@id":"https:\/\/soloaseo.com\/web\/producto\/cafe-instantaneo-descafeinado-de-colcafe\/","url":"https:\/\/soloaseo.com\/web\/producto\/cafe-instantaneo-descafeinado-de-colcafe\/","name":"Caf\u00e9 Instant\u00e1neo Descafeinado Colcaf\u00e9 - Soloaseo Distribuciones SAS","isPartOf":{"@id":"https:\/\/soloaseo.com\/web\/#website"},"primaryImageOfPage":{"@id":"https:\/\/soloaseo.com\/web\/producto\/cafe-instantaneo-descafeinado-de-colcafe\/#primaryimage"},"image":{"@id":"https:\/\/soloaseo.com\/web\/producto\/cafe-instantaneo-descafeinado-de-colcafe\/#primaryimage"},"thumbnailUrl":"https:\/\/soloaseo.com\/web\/wp-content\/uploads\/2024\/04\/A00117-CAFE-INSTANTANEO-DESCAFEINADO-200-GR-COLCAFE.png","datePublished":"2024-04-27T16:08:16+00:00","dateModified":"2026-02-07T02:09:19+00:00","description":"\u00a1Descubre el placer del caf\u00e9 sin cafe\u00edna con nuestro Caf\u00e9 Instant\u00e1neo Descafeinado de 200 gramos de Colcaf\u00e9!En Soloaseo, sabemos que cada persona tiene sus propias preferencias cuando se trata de caf\u00e9, y es por eso que ofrecemos esta opci\u00f3n descafeinada para aquellos que desean disfrutar del sabor sin los efectos de la cafe\u00edna.Nuestro Caf\u00e9 Instant\u00e1neo Descafeinado de Colcaf\u00e9 conserva todo el sabor y el aroma caracter\u00edsticos del caf\u00e9, pero con un contenido reducido de cafe\u00edna, lo que lo convierte en la elecci\u00f3n perfecta para quienes buscan una alternativa m\u00e1s suave y ligera.","breadcrumb":{"@id":"https:\/\/soloaseo.com\/web\/producto\/cafe-instantaneo-descafeinado-de-colcafe\/#breadcrumb"},"inLanguage":"es","potentialAction":[{"@type":"ReadAction","target":["https:\/\/soloaseo.com\/web\/producto\/cafe-instantaneo-descafeinado-de-colcafe\/"]}]},{"@type":"ImageObject","inLanguage":"es","@id":"https:\/\/soloaseo.com\/web\/producto\/cafe-instantaneo-descafeinado-de-colcafe\/#primaryimage","url":"https:\/\/soloaseo.com\/web\/wp-content\/uploads\/2024\/04\/A00117-CAFE-INSTANTANEO-DESCAFEINADO-200-GR-COLCAFE.png","contentUrl":"https:\/\/soloaseo.com\/web\/wp-content\/uploads\/2024\/04\/A00117-CAFE-INSTANTANEO-DESCAFEINADO-200-GR-COLCAFE.png","width":500,"height":375},{"@type":"BreadcrumbList","@id":"https:\/\/soloaseo.com\/web\/producto\/cafe-instantaneo-descafeinado-de-colcafe\/#breadcrumb","itemListElement":[{"@type":"ListItem","position":1,"name":"Home","item":"https:\/\/soloaseo.com\/web\/"},{"@type":"ListItem","position":2,"name":"Productos","item":"https:\/\/soloaseo.com\/web\/shop\/"},{"@type":"ListItem","position":3,"name":"Caf\u00e9 Instant\u00e1neo Descafeinado Colcaf\u00e9"}]},{"@type":"WebSite","@id":"https:\/\/soloaseo.com\/web\/#website","url":"https:\/\/soloaseo.com\/web\/","name":"Soloaseo Distribuciones SAS","description":"Empresa distribuidora de productos de limpieza y suministros de higiene para su negocio.","potentialAction":[{"@type":"SearchAction","target":{"@type":"EntryPoint","urlTemplate":"https:\/\/soloaseo.com\/web\/?s={search_term_string}"},"query-input":{"@type":"PropertyValueSpecification","valueRequired":true,"valueName":"search_term_string"}}],"inLanguage":"es"}]}},"jetpack_sharing_enabled":true,"_links":{"self":[{"href":"https:\/\/soloaseo.com\/web\/wp-json\/wp\/v2\/product\/2561"}],"collection":[{"href":"https:\/\/soloaseo.com\/web\/wp-json\/wp\/v2\/product"}],"about":[{"href":"https:\/\/soloaseo.com\/web\/wp-json\/wp\/v2\/types\/product"}],"replies":[{"embeddable":true,"href":"https:\/\/soloaseo.com\/web\/wp-json\/wp\/v2\/comments?post=2561"}],"wp:featuredmedia":[{"embeddable":true,"href":"https:\/\/soloaseo.com\/web\/wp-json\/wp\/v2\/media\/2562"}],"wp:attachment":[{"href":"https:\/\/soloaseo.com\/web\/wp-json\/wp\/v2\/media?parent=2561"}],"wp:term":[{"taxonomy":"product_brand","embeddable":true,"href":"https:\/\/soloaseo.com\/web\/wp-json\/wp\/v2\/product_brand?post=2561"},{"taxonomy":"product_cat","embeddable":true,"href":"https:\/\/soloaseo.com\/web\/wp-json\/wp\/v2\/product_cat?post=2561"},{"taxonomy":"product_tag","embeddable":true,"href":"https:\/\/soloaseo.com\/web\/wp-json\/wp\/v2\/product_tag?post=2561"}],"curies":[{"name":"wp","href":"https:\/\/api.w.org\/{rel}","templated":true}]}}