{"id":2647,"date":"2024-04-30T13:27:21","date_gmt":"2024-04-30T18:27:21","guid":{"rendered":"https:\/\/soloaseo.com\/web\/?post_type=product&#038;p=2647"},"modified":"2024-04-30T13:34:30","modified_gmt":"2024-04-30T18:34:30","slug":"filtro-greca-1-lb","status":"publish","type":"product","link":"https:\/\/soloaseo.com\/web\/producto\/filtro-greca-1-lb\/","title":{"rendered":"Filtro para Greca 1 lb"},"content":{"rendered":"<p>Optimiza tu experiencia en la preparaci\u00f3n de caf\u00e9 con nuestro Filtro para Greca de 1 lb. Dise\u00f1ado para adaptarse a una variedad de greca tradicionales, este filtro ofrece una soluci\u00f3n pr\u00e1ctica y conveniente para disfrutar de tu caf\u00e9 favorito de manera r\u00e1pida y sencilla.<\/p>\n<p>En Soloaseo, comprendemos la importancia de contar con productos de calidad que mejoren tu rutina diaria. Por eso, nuestro Filtro para Greca de 1 lb est\u00e1 fabricado con materiales resistentes y duraderos, garantizando una preparaci\u00f3n eficiente y un caf\u00e9 delicioso en cada taza.<\/p>\n<p>Con capacidad para 1 lb de caf\u00e9 molido, este filtro te permite disfrutar de m\u00faltiples preparaciones sin tener que preocuparte por reemplazarlo constantemente. Adem\u00e1s, su dise\u00f1o pr\u00e1ctico y funcional facilita su uso y limpieza, convirti\u00e9ndolo en un accesorio imprescindible para cualquier amante del caf\u00e9.<\/p>\n<p>&nbsp;<\/p>\n","protected":false},"excerpt":{"rendered":"<div class=\"col-xs-6\">\n<ul class=\"marker-list-arrow\">\n<li>Marca<\/li>\n<li>Codigo Siigo<\/li>\n<li>Tama\u00f1o<\/li>\n<\/ul>\n<\/div>\n<div class=\"col-xs-6\">\n<ul class=\"no-marker\">\n<li>Soloaseo<\/li>\n<li>A00469<\/li>\n<li>1 libra<\/li>\n<\/ul>\n<\/div>\n<p>&nbsp;<\/p>\n<p>&nbsp;<\/p>\n","protected":false},"featured_media":2648,"comment_status":"open","ping_status":"closed","template":"","meta":{"_editorskit_title_hidden":false,"_editorskit_reading_time":0,"_editorskit_is_block_options_detached":false,"_editorskit_block_options_position":"{}","_joinchat":{"telephone":"+573173710952","message_text":"\u00a1Aprovecha la calidad y la comodidad de nuestro Filtro para Greca de 1 lb! Ordena ahora y eleva tu experiencia cafetera a un nuevo nivel."}},"product_brand":[],"product_cat":[75,80],"product_tag":[],"class_list":{"0":"post-2647","1":"product","2":"type-product","3":"status-publish","4":"has-post-thumbnail","6":"product_cat-productos-para-cafeteria","7":"product_cat-suministros-cafeteria-corporativa","9":"first","10":"instock","11":"virtual","12":"product-type-simple"},"yoast_head":"<!-- This site is optimized with the Yoast SEO plugin v25.6 - https:\/\/yoast.com\/wordpress\/plugins\/seo\/ -->\n<title>Filtro para Greca 1 lb - Soloaseo Distribuciones SAS<\/title>\n<meta name=\"description\" content=\"Con capacidad para 1 lb de caf\u00e9 molido, este filtro te permite disfrutar de m\u00faltiples preparaciones sin tener que preocuparte por reemplazarlo constantemente. Adem\u00e1s, su dise\u00f1o pr\u00e1ctico y funcional facilita su uso y limpieza, convirti\u00e9ndolo en un accesorio imprescindible para cualquier amante del caf\u00e9.\" \/>\n<meta name=\"robots\" content=\"index, follow, max-snippet:-1, max-image-preview:large, max-video-preview:-1\" \/>\n<link rel=\"canonical\" href=\"https:\/\/soloaseo.com\/web\/producto\/filtro-greca-1-lb\/\" \/>\n<meta property=\"og:locale\" content=\"es_ES\" \/>\n<meta property=\"og:type\" content=\"article\" \/>\n<meta property=\"og:title\" content=\"Filtro para Greca 1 lb - Soloaseo Distribuciones SAS\" \/>\n<meta property=\"og:description\" content=\"Con capacidad para 1 lb de caf\u00e9 molido, este filtro te permite disfrutar de m\u00faltiples preparaciones sin tener que preocuparte por reemplazarlo constantemente. Adem\u00e1s, su dise\u00f1o pr\u00e1ctico y funcional facilita su uso y limpieza, convirti\u00e9ndolo en un accesorio imprescindible para cualquier amante del caf\u00e9.\" \/>\n<meta property=\"og:url\" content=\"https:\/\/soloaseo.com\/web\/producto\/filtro-greca-1-lb\/\" \/>\n<meta property=\"og:site_name\" content=\"Soloaseo Distribuciones SAS\" \/>\n<meta property=\"article:publisher\" content=\"https:\/\/www.facebook.com\/Soloaseo\/\" \/>\n<meta property=\"article:modified_time\" content=\"2024-04-30T18:34:30+00:00\" \/>\n<meta property=\"og:image\" content=\"https:\/\/soloaseo.com\/web\/wp-content\/uploads\/2024\/04\/A00469-FILTRO-GRECA-1-LB-1.png\" \/>\n\t<meta property=\"og:image:width\" content=\"500\" \/>\n\t<meta property=\"og:image:height\" content=\"375\" \/>\n\t<meta property=\"og:image:type\" content=\"image\/png\" \/>\n<meta name=\"twitter:card\" content=\"summary_large_image\" \/>\n<meta name=\"twitter:label1\" content=\"Tiempo de lectura\" \/>\n\t<meta name=\"twitter:data1\" content=\"1 minuto\" \/>\n<script type=\"application\/ld+json\" class=\"yoast-schema-graph\">{\"@context\":\"https:\/\/schema.org\",\"@graph\":[{\"@type\":\"WebPage\",\"@id\":\"https:\/\/soloaseo.com\/web\/producto\/filtro-greca-1-lb\/\",\"url\":\"https:\/\/soloaseo.com\/web\/producto\/filtro-greca-1-lb\/\",\"name\":\"Filtro para Greca 1 lb - Soloaseo Distribuciones SAS\",\"isPartOf\":{\"@id\":\"https:\/\/soloaseo.com\/web\/#website\"},\"primaryImageOfPage\":{\"@id\":\"https:\/\/soloaseo.com\/web\/producto\/filtro-greca-1-lb\/#primaryimage\"},\"image\":{\"@id\":\"https:\/\/soloaseo.com\/web\/producto\/filtro-greca-1-lb\/#primaryimage\"},\"thumbnailUrl\":\"https:\/\/soloaseo.com\/web\/wp-content\/uploads\/2024\/04\/A00469-FILTRO-GRECA-1-LB-1.png\",\"datePublished\":\"2024-04-30T18:27:21+00:00\",\"dateModified\":\"2024-04-30T18:34:30+00:00\",\"description\":\"Con capacidad para 1 lb de caf\u00e9 molido, este filtro te permite disfrutar de m\u00faltiples preparaciones sin tener que preocuparte por reemplazarlo constantemente. Adem\u00e1s, su dise\u00f1o pr\u00e1ctico y funcional facilita su uso y limpieza, convirti\u00e9ndolo en un accesorio imprescindible para cualquier amante del caf\u00e9.\",\"breadcrumb\":{\"@id\":\"https:\/\/soloaseo.com\/web\/producto\/filtro-greca-1-lb\/#breadcrumb\"},\"inLanguage\":\"es\",\"potentialAction\":[{\"@type\":\"ReadAction\",\"target\":[\"https:\/\/soloaseo.com\/web\/producto\/filtro-greca-1-lb\/\"]}]},{\"@type\":\"ImageObject\",\"inLanguage\":\"es\",\"@id\":\"https:\/\/soloaseo.com\/web\/producto\/filtro-greca-1-lb\/#primaryimage\",\"url\":\"https:\/\/soloaseo.com\/web\/wp-content\/uploads\/2024\/04\/A00469-FILTRO-GRECA-1-LB-1.png\",\"contentUrl\":\"https:\/\/soloaseo.com\/web\/wp-content\/uploads\/2024\/04\/A00469-FILTRO-GRECA-1-LB-1.png\",\"width\":500,\"height\":375},{\"@type\":\"BreadcrumbList\",\"@id\":\"https:\/\/soloaseo.com\/web\/producto\/filtro-greca-1-lb\/#breadcrumb\",\"itemListElement\":[{\"@type\":\"ListItem\",\"position\":1,\"name\":\"Home\",\"item\":\"https:\/\/soloaseo.com\/web\/\"},{\"@type\":\"ListItem\",\"position\":2,\"name\":\"Productos\",\"item\":\"https:\/\/soloaseo.com\/web\/shop\/\"},{\"@type\":\"ListItem\",\"position\":3,\"name\":\"Filtro para Greca 1 lb\"}]},{\"@type\":\"WebSite\",\"@id\":\"https:\/\/soloaseo.com\/web\/#website\",\"url\":\"https:\/\/soloaseo.com\/web\/\",\"name\":\"Soloaseo Distribuciones SAS\",\"description\":\"Empresa distribuidora de productos de limpieza y suministros de higiene para su negocio.\",\"potentialAction\":[{\"@type\":\"SearchAction\",\"target\":{\"@type\":\"EntryPoint\",\"urlTemplate\":\"https:\/\/soloaseo.com\/web\/?s={search_term_string}\"},\"query-input\":{\"@type\":\"PropertyValueSpecification\",\"valueRequired\":true,\"valueName\":\"search_term_string\"}}],\"inLanguage\":\"es\"}]}<\/script>\n<!-- \/ Yoast SEO plugin. -->","yoast_head_json":{"title":"Filtro para Greca 1 lb - Soloaseo Distribuciones SAS","description":"Con capacidad para 1 lb de caf\u00e9 molido, este filtro te permite disfrutar de m\u00faltiples preparaciones sin tener que preocuparte por reemplazarlo constantemente. Adem\u00e1s, su dise\u00f1o pr\u00e1ctico y funcional facilita su uso y limpieza, convirti\u00e9ndolo en un accesorio imprescindible para cualquier amante del caf\u00e9.","robots":{"index":"index","follow":"follow","max-snippet":"max-snippet:-1","max-image-preview":"max-image-preview:large","max-video-preview":"max-video-preview:-1"},"canonical":"https:\/\/soloaseo.com\/web\/producto\/filtro-greca-1-lb\/","og_locale":"es_ES","og_type":"article","og_title":"Filtro para Greca 1 lb - Soloaseo Distribuciones SAS","og_description":"Con capacidad para 1 lb de caf\u00e9 molido, este filtro te permite disfrutar de m\u00faltiples preparaciones sin tener que preocuparte por reemplazarlo constantemente. Adem\u00e1s, su dise\u00f1o pr\u00e1ctico y funcional facilita su uso y limpieza, convirti\u00e9ndolo en un accesorio imprescindible para cualquier amante del caf\u00e9.","og_url":"https:\/\/soloaseo.com\/web\/producto\/filtro-greca-1-lb\/","og_site_name":"Soloaseo Distribuciones SAS","article_publisher":"https:\/\/www.facebook.com\/Soloaseo\/","article_modified_time":"2024-04-30T18:34:30+00:00","og_image":[{"width":500,"height":375,"url":"https:\/\/soloaseo.com\/web\/wp-content\/uploads\/2024\/04\/A00469-FILTRO-GRECA-1-LB-1.png","type":"image\/png"}],"twitter_card":"summary_large_image","twitter_misc":{"Tiempo de lectura":"1 minuto"},"schema":{"@context":"https:\/\/schema.org","@graph":[{"@type":"WebPage","@id":"https:\/\/soloaseo.com\/web\/producto\/filtro-greca-1-lb\/","url":"https:\/\/soloaseo.com\/web\/producto\/filtro-greca-1-lb\/","name":"Filtro para Greca 1 lb - Soloaseo Distribuciones SAS","isPartOf":{"@id":"https:\/\/soloaseo.com\/web\/#website"},"primaryImageOfPage":{"@id":"https:\/\/soloaseo.com\/web\/producto\/filtro-greca-1-lb\/#primaryimage"},"image":{"@id":"https:\/\/soloaseo.com\/web\/producto\/filtro-greca-1-lb\/#primaryimage"},"thumbnailUrl":"https:\/\/soloaseo.com\/web\/wp-content\/uploads\/2024\/04\/A00469-FILTRO-GRECA-1-LB-1.png","datePublished":"2024-04-30T18:27:21+00:00","dateModified":"2024-04-30T18:34:30+00:00","description":"Con capacidad para 1 lb de caf\u00e9 molido, este filtro te permite disfrutar de m\u00faltiples preparaciones sin tener que preocuparte por reemplazarlo constantemente. Adem\u00e1s, su dise\u00f1o pr\u00e1ctico y funcional facilita su uso y limpieza, convirti\u00e9ndolo en un accesorio imprescindible para cualquier amante del caf\u00e9.","breadcrumb":{"@id":"https:\/\/soloaseo.com\/web\/producto\/filtro-greca-1-lb\/#breadcrumb"},"inLanguage":"es","potentialAction":[{"@type":"ReadAction","target":["https:\/\/soloaseo.com\/web\/producto\/filtro-greca-1-lb\/"]}]},{"@type":"ImageObject","inLanguage":"es","@id":"https:\/\/soloaseo.com\/web\/producto\/filtro-greca-1-lb\/#primaryimage","url":"https:\/\/soloaseo.com\/web\/wp-content\/uploads\/2024\/04\/A00469-FILTRO-GRECA-1-LB-1.png","contentUrl":"https:\/\/soloaseo.com\/web\/wp-content\/uploads\/2024\/04\/A00469-FILTRO-GRECA-1-LB-1.png","width":500,"height":375},{"@type":"BreadcrumbList","@id":"https:\/\/soloaseo.com\/web\/producto\/filtro-greca-1-lb\/#breadcrumb","itemListElement":[{"@type":"ListItem","position":1,"name":"Home","item":"https:\/\/soloaseo.com\/web\/"},{"@type":"ListItem","position":2,"name":"Productos","item":"https:\/\/soloaseo.com\/web\/shop\/"},{"@type":"ListItem","position":3,"name":"Filtro para Greca 1 lb"}]},{"@type":"WebSite","@id":"https:\/\/soloaseo.com\/web\/#website","url":"https:\/\/soloaseo.com\/web\/","name":"Soloaseo Distribuciones SAS","description":"Empresa distribuidora de productos de limpieza y suministros de higiene para su negocio.","potentialAction":[{"@type":"SearchAction","target":{"@type":"EntryPoint","urlTemplate":"https:\/\/soloaseo.com\/web\/?s={search_term_string}"},"query-input":{"@type":"PropertyValueSpecification","valueRequired":true,"valueName":"search_term_string"}}],"inLanguage":"es"}]}},"jetpack_sharing_enabled":true,"_links":{"self":[{"href":"https:\/\/soloaseo.com\/web\/wp-json\/wp\/v2\/product\/2647"}],"collection":[{"href":"https:\/\/soloaseo.com\/web\/wp-json\/wp\/v2\/product"}],"about":[{"href":"https:\/\/soloaseo.com\/web\/wp-json\/wp\/v2\/types\/product"}],"replies":[{"embeddable":true,"href":"https:\/\/soloaseo.com\/web\/wp-json\/wp\/v2\/comments?post=2647"}],"wp:featuredmedia":[{"embeddable":true,"href":"https:\/\/soloaseo.com\/web\/wp-json\/wp\/v2\/media\/2648"}],"wp:attachment":[{"href":"https:\/\/soloaseo.com\/web\/wp-json\/wp\/v2\/media?parent=2647"}],"wp:term":[{"taxonomy":"product_brand","embeddable":true,"href":"https:\/\/soloaseo.com\/web\/wp-json\/wp\/v2\/product_brand?post=2647"},{"taxonomy":"product_cat","embeddable":true,"href":"https:\/\/soloaseo.com\/web\/wp-json\/wp\/v2\/product_cat?post=2647"},{"taxonomy":"product_tag","embeddable":true,"href":"https:\/\/soloaseo.com\/web\/wp-json\/wp\/v2\/product_tag?post=2647"}],"curies":[{"name":"wp","href":"https:\/\/api.w.org\/{rel}","templated":true}]}}