{"id":2655,"date":"2024-04-30T13:39:47","date_gmt":"2024-04-30T18:39:47","guid":{"rendered":"https:\/\/soloaseo.com\/web\/?post_type=product&#038;p=2655"},"modified":"2024-04-30T13:43:16","modified_gmt":"2024-04-30T18:43:16","slug":"portacomida-espumado-c1-blanco-pq-x-200-wau","status":"publish","type":"product","link":"https:\/\/soloaseo.com\/web\/producto\/portacomida-espumado-c1-blanco-pq-x-200-wau\/","title":{"rendered":"Portacomida Espumado C1 Blanco PQ X 200 WAU"},"content":{"rendered":"<p>\u00abOptimiza la experiencia de tus clientes con nuestro Portacomida Espumado C1 Blanco, presentado en un pr\u00e1ctico paquete de 200 unidades por Wau. Dise\u00f1ado para adaptarse a una variedad de necesidades de servicio de alimentos, este portacomida ofrece una soluci\u00f3n pr\u00e1ctica y conveniente para el transporte de comidas.<\/p>\n<p>En Soloaseo, comprendemos la importancia de contar con productos que cumplan con las expectativas de calidad y funcionalidad. Por eso, nuestro Portacomida Espumado C1 Blanco es ideal para su uso en restaurantes, cafeter\u00edas, empresas de catering y otros establecimientos, garantizando un servicio de comida sin preocupaciones.<\/p>\n<p>Con un dise\u00f1o resistente y funcional, este portacomida ofrece una soluci\u00f3n segura para el transporte de alimentos, asegurando que tus clientes reciban sus pedidos en \u00f3ptimas condiciones. Adem\u00e1s, su color blanco cl\u00e1sico se adapta perfectamente a cualquier estilo de presentaci\u00f3n de alimentos.<\/p>\n<p>&nbsp;<\/p>\n","protected":false},"excerpt":{"rendered":"<div class=\"col-xs-6\">\n<ul class=\"marker-list-arrow\">\n<li>Marca<\/li>\n<li>Codigo Siigo<\/li>\n<li>Presentaci\u00f3n<\/li>\n<\/ul>\n<\/div>\n<div class=\"col-xs-6\">\n<ul class=\"no-marker\">\n<li>Wau<\/li>\n<li>A00720<\/li>\n<li>Paquete X 200 unidades<\/li>\n<\/ul>\n<\/div>\n<p>&nbsp;<\/p>\n<p>&nbsp;<\/p>\n","protected":false},"featured_media":2656,"comment_status":"open","ping_status":"closed","template":"","meta":{"_editorskit_title_hidden":false,"_editorskit_reading_time":0,"_editorskit_is_block_options_detached":false,"_editorskit_block_options_position":"{}","_joinchat":{"telephone":"+573173710952","message_text":"\u00a1Aprovecha la calidad y la practicidad de nuestro Portacomida Espumado C1 Blanco! Ordena ahora y garantiza un servicio de comida eficiente y satisfactorio para tus clientes."}},"product_brand":[],"product_cat":[75,80],"product_tag":[],"class_list":{"0":"post-2655","1":"product","2":"type-product","3":"status-publish","4":"has-post-thumbnail","6":"product_cat-productos-para-cafeteria","7":"product_cat-suministros-cafeteria-corporativa","9":"first","10":"instock","11":"virtual","12":"product-type-simple"},"yoast_head":"<!-- This site is optimized with the Yoast SEO plugin v25.6 - https:\/\/yoast.com\/wordpress\/plugins\/seo\/ -->\n<title>Portacomida Espumado C1 Blanco PQ X 200 WAU - Soloaseo Distribuciones SAS<\/title>\n<meta name=\"description\" content=\"Con un dise\u00f1o resistente y funcional, este portacomida ofrece una soluci\u00f3n segura para el transporte de alimentos, asegurando que tus clientes reciban sus pedidos en \u00f3ptimas condiciones. Adem\u00e1s, su color blanco cl\u00e1sico se adapta perfectamente a cualquier estilo de presentaci\u00f3n de alimentos.\" \/>\n<meta name=\"robots\" content=\"index, follow, max-snippet:-1, max-image-preview:large, max-video-preview:-1\" \/>\n<link rel=\"canonical\" href=\"https:\/\/soloaseo.com\/web\/producto\/portacomida-espumado-c1-blanco-pq-x-200-wau\/\" \/>\n<meta property=\"og:locale\" content=\"es_ES\" \/>\n<meta property=\"og:type\" content=\"article\" \/>\n<meta property=\"og:title\" content=\"Portacomida Espumado C1 Blanco PQ X 200 WAU - Soloaseo Distribuciones SAS\" \/>\n<meta property=\"og:description\" content=\"Con un dise\u00f1o resistente y funcional, este portacomida ofrece una soluci\u00f3n segura para el transporte de alimentos, asegurando que tus clientes reciban sus pedidos en \u00f3ptimas condiciones. Adem\u00e1s, su color blanco cl\u00e1sico se adapta perfectamente a cualquier estilo de presentaci\u00f3n de alimentos.\" \/>\n<meta property=\"og:url\" content=\"https:\/\/soloaseo.com\/web\/producto\/portacomida-espumado-c1-blanco-pq-x-200-wau\/\" \/>\n<meta property=\"og:site_name\" content=\"Soloaseo Distribuciones SAS\" \/>\n<meta property=\"article:publisher\" content=\"https:\/\/www.facebook.com\/Soloaseo\/\" \/>\n<meta property=\"article:modified_time\" content=\"2024-04-30T18:43:16+00:00\" \/>\n<meta property=\"og:image\" content=\"https:\/\/soloaseo.com\/web\/wp-content\/uploads\/2024\/04\/A00720-PORTACOMIDA-ESPUMADO-C1-BLANCO-REF.-26906-PQ-X-200-WAU-1.png\" \/>\n\t<meta property=\"og:image:width\" content=\"500\" \/>\n\t<meta property=\"og:image:height\" content=\"375\" \/>\n\t<meta property=\"og:image:type\" content=\"image\/png\" \/>\n<meta name=\"twitter:card\" content=\"summary_large_image\" \/>\n<meta name=\"twitter:label1\" content=\"Tiempo de lectura\" \/>\n\t<meta name=\"twitter:data1\" content=\"1 minuto\" \/>\n<script type=\"application\/ld+json\" class=\"yoast-schema-graph\">{\"@context\":\"https:\/\/schema.org\",\"@graph\":[{\"@type\":\"WebPage\",\"@id\":\"https:\/\/soloaseo.com\/web\/producto\/portacomida-espumado-c1-blanco-pq-x-200-wau\/\",\"url\":\"https:\/\/soloaseo.com\/web\/producto\/portacomida-espumado-c1-blanco-pq-x-200-wau\/\",\"name\":\"Portacomida Espumado C1 Blanco PQ X 200 WAU - Soloaseo Distribuciones SAS\",\"isPartOf\":{\"@id\":\"https:\/\/soloaseo.com\/web\/#website\"},\"primaryImageOfPage\":{\"@id\":\"https:\/\/soloaseo.com\/web\/producto\/portacomida-espumado-c1-blanco-pq-x-200-wau\/#primaryimage\"},\"image\":{\"@id\":\"https:\/\/soloaseo.com\/web\/producto\/portacomida-espumado-c1-blanco-pq-x-200-wau\/#primaryimage\"},\"thumbnailUrl\":\"https:\/\/soloaseo.com\/web\/wp-content\/uploads\/2024\/04\/A00720-PORTACOMIDA-ESPUMADO-C1-BLANCO-REF.-26906-PQ-X-200-WAU-1.png\",\"datePublished\":\"2024-04-30T18:39:47+00:00\",\"dateModified\":\"2024-04-30T18:43:16+00:00\",\"description\":\"Con un dise\u00f1o resistente y funcional, este portacomida ofrece una soluci\u00f3n segura para el transporte de alimentos, asegurando que tus clientes reciban sus pedidos en \u00f3ptimas condiciones. Adem\u00e1s, su color blanco cl\u00e1sico se adapta perfectamente a cualquier estilo de presentaci\u00f3n de alimentos.\",\"breadcrumb\":{\"@id\":\"https:\/\/soloaseo.com\/web\/producto\/portacomida-espumado-c1-blanco-pq-x-200-wau\/#breadcrumb\"},\"inLanguage\":\"es\",\"potentialAction\":[{\"@type\":\"ReadAction\",\"target\":[\"https:\/\/soloaseo.com\/web\/producto\/portacomida-espumado-c1-blanco-pq-x-200-wau\/\"]}]},{\"@type\":\"ImageObject\",\"inLanguage\":\"es\",\"@id\":\"https:\/\/soloaseo.com\/web\/producto\/portacomida-espumado-c1-blanco-pq-x-200-wau\/#primaryimage\",\"url\":\"https:\/\/soloaseo.com\/web\/wp-content\/uploads\/2024\/04\/A00720-PORTACOMIDA-ESPUMADO-C1-BLANCO-REF.-26906-PQ-X-200-WAU-1.png\",\"contentUrl\":\"https:\/\/soloaseo.com\/web\/wp-content\/uploads\/2024\/04\/A00720-PORTACOMIDA-ESPUMADO-C1-BLANCO-REF.-26906-PQ-X-200-WAU-1.png\",\"width\":500,\"height\":375},{\"@type\":\"BreadcrumbList\",\"@id\":\"https:\/\/soloaseo.com\/web\/producto\/portacomida-espumado-c1-blanco-pq-x-200-wau\/#breadcrumb\",\"itemListElement\":[{\"@type\":\"ListItem\",\"position\":1,\"name\":\"Home\",\"item\":\"https:\/\/soloaseo.com\/web\/\"},{\"@type\":\"ListItem\",\"position\":2,\"name\":\"Productos\",\"item\":\"https:\/\/soloaseo.com\/web\/shop\/\"},{\"@type\":\"ListItem\",\"position\":3,\"name\":\"Portacomida Espumado C1 Blanco PQ X 200 WAU\"}]},{\"@type\":\"WebSite\",\"@id\":\"https:\/\/soloaseo.com\/web\/#website\",\"url\":\"https:\/\/soloaseo.com\/web\/\",\"name\":\"Soloaseo Distribuciones SAS\",\"description\":\"Empresa distribuidora de productos de limpieza y suministros de higiene para su negocio.\",\"potentialAction\":[{\"@type\":\"SearchAction\",\"target\":{\"@type\":\"EntryPoint\",\"urlTemplate\":\"https:\/\/soloaseo.com\/web\/?s={search_term_string}\"},\"query-input\":{\"@type\":\"PropertyValueSpecification\",\"valueRequired\":true,\"valueName\":\"search_term_string\"}}],\"inLanguage\":\"es\"}]}<\/script>\n<!-- \/ Yoast SEO plugin. -->","yoast_head_json":{"title":"Portacomida Espumado C1 Blanco PQ X 200 WAU - Soloaseo Distribuciones SAS","description":"Con un dise\u00f1o resistente y funcional, este portacomida ofrece una soluci\u00f3n segura para el transporte de alimentos, asegurando que tus clientes reciban sus pedidos en \u00f3ptimas condiciones. Adem\u00e1s, su color blanco cl\u00e1sico se adapta perfectamente a cualquier estilo de presentaci\u00f3n de alimentos.","robots":{"index":"index","follow":"follow","max-snippet":"max-snippet:-1","max-image-preview":"max-image-preview:large","max-video-preview":"max-video-preview:-1"},"canonical":"https:\/\/soloaseo.com\/web\/producto\/portacomida-espumado-c1-blanco-pq-x-200-wau\/","og_locale":"es_ES","og_type":"article","og_title":"Portacomida Espumado C1 Blanco PQ X 200 WAU - Soloaseo Distribuciones SAS","og_description":"Con un dise\u00f1o resistente y funcional, este portacomida ofrece una soluci\u00f3n segura para el transporte de alimentos, asegurando que tus clientes reciban sus pedidos en \u00f3ptimas condiciones. Adem\u00e1s, su color blanco cl\u00e1sico se adapta perfectamente a cualquier estilo de presentaci\u00f3n de alimentos.","og_url":"https:\/\/soloaseo.com\/web\/producto\/portacomida-espumado-c1-blanco-pq-x-200-wau\/","og_site_name":"Soloaseo Distribuciones SAS","article_publisher":"https:\/\/www.facebook.com\/Soloaseo\/","article_modified_time":"2024-04-30T18:43:16+00:00","og_image":[{"width":500,"height":375,"url":"https:\/\/soloaseo.com\/web\/wp-content\/uploads\/2024\/04\/A00720-PORTACOMIDA-ESPUMADO-C1-BLANCO-REF.-26906-PQ-X-200-WAU-1.png","type":"image\/png"}],"twitter_card":"summary_large_image","twitter_misc":{"Tiempo de lectura":"1 minuto"},"schema":{"@context":"https:\/\/schema.org","@graph":[{"@type":"WebPage","@id":"https:\/\/soloaseo.com\/web\/producto\/portacomida-espumado-c1-blanco-pq-x-200-wau\/","url":"https:\/\/soloaseo.com\/web\/producto\/portacomida-espumado-c1-blanco-pq-x-200-wau\/","name":"Portacomida Espumado C1 Blanco PQ X 200 WAU - Soloaseo Distribuciones SAS","isPartOf":{"@id":"https:\/\/soloaseo.com\/web\/#website"},"primaryImageOfPage":{"@id":"https:\/\/soloaseo.com\/web\/producto\/portacomida-espumado-c1-blanco-pq-x-200-wau\/#primaryimage"},"image":{"@id":"https:\/\/soloaseo.com\/web\/producto\/portacomida-espumado-c1-blanco-pq-x-200-wau\/#primaryimage"},"thumbnailUrl":"https:\/\/soloaseo.com\/web\/wp-content\/uploads\/2024\/04\/A00720-PORTACOMIDA-ESPUMADO-C1-BLANCO-REF.-26906-PQ-X-200-WAU-1.png","datePublished":"2024-04-30T18:39:47+00:00","dateModified":"2024-04-30T18:43:16+00:00","description":"Con un dise\u00f1o resistente y funcional, este portacomida ofrece una soluci\u00f3n segura para el transporte de alimentos, asegurando que tus clientes reciban sus pedidos en \u00f3ptimas condiciones. Adem\u00e1s, su color blanco cl\u00e1sico se adapta perfectamente a cualquier estilo de presentaci\u00f3n de alimentos.","breadcrumb":{"@id":"https:\/\/soloaseo.com\/web\/producto\/portacomida-espumado-c1-blanco-pq-x-200-wau\/#breadcrumb"},"inLanguage":"es","potentialAction":[{"@type":"ReadAction","target":["https:\/\/soloaseo.com\/web\/producto\/portacomida-espumado-c1-blanco-pq-x-200-wau\/"]}]},{"@type":"ImageObject","inLanguage":"es","@id":"https:\/\/soloaseo.com\/web\/producto\/portacomida-espumado-c1-blanco-pq-x-200-wau\/#primaryimage","url":"https:\/\/soloaseo.com\/web\/wp-content\/uploads\/2024\/04\/A00720-PORTACOMIDA-ESPUMADO-C1-BLANCO-REF.-26906-PQ-X-200-WAU-1.png","contentUrl":"https:\/\/soloaseo.com\/web\/wp-content\/uploads\/2024\/04\/A00720-PORTACOMIDA-ESPUMADO-C1-BLANCO-REF.-26906-PQ-X-200-WAU-1.png","width":500,"height":375},{"@type":"BreadcrumbList","@id":"https:\/\/soloaseo.com\/web\/producto\/portacomida-espumado-c1-blanco-pq-x-200-wau\/#breadcrumb","itemListElement":[{"@type":"ListItem","position":1,"name":"Home","item":"https:\/\/soloaseo.com\/web\/"},{"@type":"ListItem","position":2,"name":"Productos","item":"https:\/\/soloaseo.com\/web\/shop\/"},{"@type":"ListItem","position":3,"name":"Portacomida Espumado C1 Blanco PQ X 200 WAU"}]},{"@type":"WebSite","@id":"https:\/\/soloaseo.com\/web\/#website","url":"https:\/\/soloaseo.com\/web\/","name":"Soloaseo Distribuciones SAS","description":"Empresa distribuidora de productos de limpieza y suministros de higiene para su negocio.","potentialAction":[{"@type":"SearchAction","target":{"@type":"EntryPoint","urlTemplate":"https:\/\/soloaseo.com\/web\/?s={search_term_string}"},"query-input":{"@type":"PropertyValueSpecification","valueRequired":true,"valueName":"search_term_string"}}],"inLanguage":"es"}]}},"jetpack_sharing_enabled":true,"_links":{"self":[{"href":"https:\/\/soloaseo.com\/web\/wp-json\/wp\/v2\/product\/2655"}],"collection":[{"href":"https:\/\/soloaseo.com\/web\/wp-json\/wp\/v2\/product"}],"about":[{"href":"https:\/\/soloaseo.com\/web\/wp-json\/wp\/v2\/types\/product"}],"replies":[{"embeddable":true,"href":"https:\/\/soloaseo.com\/web\/wp-json\/wp\/v2\/comments?post=2655"}],"wp:featuredmedia":[{"embeddable":true,"href":"https:\/\/soloaseo.com\/web\/wp-json\/wp\/v2\/media\/2656"}],"wp:attachment":[{"href":"https:\/\/soloaseo.com\/web\/wp-json\/wp\/v2\/media?parent=2655"}],"wp:term":[{"taxonomy":"product_brand","embeddable":true,"href":"https:\/\/soloaseo.com\/web\/wp-json\/wp\/v2\/product_brand?post=2655"},{"taxonomy":"product_cat","embeddable":true,"href":"https:\/\/soloaseo.com\/web\/wp-json\/wp\/v2\/product_cat?post=2655"},{"taxonomy":"product_tag","embeddable":true,"href":"https:\/\/soloaseo.com\/web\/wp-json\/wp\/v2\/product_tag?post=2655"}],"curies":[{"name":"wp","href":"https:\/\/api.w.org\/{rel}","templated":true}]}}