{"id":2680,"date":"2024-04-30T16:32:07","date_gmt":"2024-04-30T21:32:07","guid":{"rendered":"https:\/\/soloaseo.com\/web\/?post_type=product&#038;p=2680"},"modified":"2024-04-30T16:35:17","modified_gmt":"2024-04-30T21:35:17","slug":"vaso-espumado-4oz-blanco-paquete-x25-wau","status":"publish","type":"product","link":"https:\/\/soloaseo.com\/web\/producto\/vaso-espumado-4oz-blanco-paquete-x25-wau\/","title":{"rendered":"Vaso Espumado 4oz Blanco Paquete x25 Wau"},"content":{"rendered":"<p>Mejora la experiencia de tus clientes con nuestros Vasos Espumados en color blanco, en un conveniente paquete de 25 unidades por Wau. Fabricados con material espumado de alta calidad, estos vasos ofrecen una soluci\u00f3n pr\u00e1ctica y econ\u00f3mica para servir una variedad de bebidas en tu empresa.<\/p>\n<p>\u00a1No te pierdas esta oferta especial! Por tiempo limitado, puedes disfrutar de este paquete de Vasos Espumados en color blanco para mejorar la presentaci\u00f3n y el servicio en tu empresa.<\/p>\n<p>Con un tama\u00f1o de 4 oz, estos vasos son ideales para servir bebidas fr\u00edas o calientes en reuniones, eventos corporativos o en el d\u00eda a d\u00eda en la oficina. Su dise\u00f1o resistente y su color blanco cl\u00e1sico los hacen perfectos para cualquier ocasi\u00f3n.<\/p>\n<p>&nbsp;<\/p>\n","protected":false},"excerpt":{"rendered":"<div class=\"col-xs-6\">\n<ul class=\"marker-list-arrow\">\n<li>Marca<\/li>\n<li>Codigo Siigo<\/li>\n<li>Tama\u00f1o<\/li>\n<li>Referencia de Marca<\/li>\n<li>Presentaci\u00f3n<\/li>\n<\/ul>\n<\/div>\n<div class=\"col-xs-6\">\n<ul class=\"no-marker\">\n<li>Wau<\/li>\n<li>A01260<\/li>\n<li>4oz<\/li>\n<li>17204<\/li>\n<li>Paquete X 25 unidades<\/li>\n<\/ul>\n<\/div>\n<p>&nbsp;<\/p>\n<p>&nbsp;<\/p>\n","protected":false},"featured_media":2681,"comment_status":"open","ping_status":"closed","template":"","meta":{"_editorskit_title_hidden":false,"_editorskit_reading_time":0,"_editorskit_is_block_options_detached":false,"_editorskit_block_options_position":"{}","_joinchat":{"telephone":"+573173710952","message_text":"\u00a1Aprovecha esta oportunidad y mejora la experiencia de tus clientes con nuestros Vasos Espumados 4 oz Blanco!\n\nOrdena ahora y asegura un servicio impecable en cada ocasi\u00f3n."}},"product_brand":[],"product_cat":[75,80],"product_tag":[],"class_list":{"0":"post-2680","1":"product","2":"type-product","3":"status-publish","4":"has-post-thumbnail","6":"product_cat-productos-para-cafeteria","7":"product_cat-suministros-cafeteria-corporativa","9":"first","10":"instock","11":"virtual","12":"product-type-simple"},"yoast_head":"<!-- This site is optimized with the Yoast SEO plugin v25.6 - https:\/\/yoast.com\/wordpress\/plugins\/seo\/ -->\n<title>Vaso Espumado 4oz Blanco Paquete x25 Wau - Soloaseo Distribuciones SAS<\/title>\n<meta name=\"description\" content=\"Con un tama\u00f1o de 4 oz, estos vasos son ideales para servir bebidas fr\u00edas o calientes en reuniones, eventos corporativos o en el d\u00eda a d\u00eda en la oficina. Su dise\u00f1o resistente y su color blanco cl\u00e1sico los hacen perfectos para cualquier ocasi\u00f3n.\" \/>\n<meta name=\"robots\" content=\"index, follow, max-snippet:-1, max-image-preview:large, max-video-preview:-1\" \/>\n<link rel=\"canonical\" href=\"https:\/\/soloaseo.com\/web\/producto\/vaso-espumado-4oz-blanco-paquete-x25-wau\/\" \/>\n<meta property=\"og:locale\" content=\"es_ES\" \/>\n<meta property=\"og:type\" content=\"article\" \/>\n<meta property=\"og:title\" content=\"Vaso Espumado 4oz Blanco Paquete x25 Wau - Soloaseo Distribuciones SAS\" \/>\n<meta property=\"og:description\" content=\"Con un tama\u00f1o de 4 oz, estos vasos son ideales para servir bebidas fr\u00edas o calientes en reuniones, eventos corporativos o en el d\u00eda a d\u00eda en la oficina. Su dise\u00f1o resistente y su color blanco cl\u00e1sico los hacen perfectos para cualquier ocasi\u00f3n.\" \/>\n<meta property=\"og:url\" content=\"https:\/\/soloaseo.com\/web\/producto\/vaso-espumado-4oz-blanco-paquete-x25-wau\/\" \/>\n<meta property=\"og:site_name\" content=\"Soloaseo Distribuciones SAS\" \/>\n<meta property=\"article:publisher\" content=\"https:\/\/www.facebook.com\/Soloaseo\/\" \/>\n<meta property=\"article:modified_time\" content=\"2024-04-30T21:35:17+00:00\" \/>\n<meta property=\"og:image\" content=\"https:\/\/soloaseo.com\/web\/wp-content\/uploads\/2024\/04\/A01260-VASO-ESPUMADO-4-OZ-BLANCO-REF.-17204-WAU-PQ-X-25-2.png\" \/>\n\t<meta property=\"og:image:width\" content=\"500\" \/>\n\t<meta property=\"og:image:height\" content=\"375\" \/>\n\t<meta property=\"og:image:type\" content=\"image\/png\" \/>\n<meta name=\"twitter:card\" content=\"summary_large_image\" \/>\n<meta name=\"twitter:label1\" content=\"Tiempo de lectura\" \/>\n\t<meta name=\"twitter:data1\" content=\"1 minuto\" \/>\n<script type=\"application\/ld+json\" class=\"yoast-schema-graph\">{\"@context\":\"https:\/\/schema.org\",\"@graph\":[{\"@type\":\"WebPage\",\"@id\":\"https:\/\/soloaseo.com\/web\/producto\/vaso-espumado-4oz-blanco-paquete-x25-wau\/\",\"url\":\"https:\/\/soloaseo.com\/web\/producto\/vaso-espumado-4oz-blanco-paquete-x25-wau\/\",\"name\":\"Vaso Espumado 4oz Blanco Paquete x25 Wau - Soloaseo Distribuciones SAS\",\"isPartOf\":{\"@id\":\"https:\/\/soloaseo.com\/web\/#website\"},\"primaryImageOfPage\":{\"@id\":\"https:\/\/soloaseo.com\/web\/producto\/vaso-espumado-4oz-blanco-paquete-x25-wau\/#primaryimage\"},\"image\":{\"@id\":\"https:\/\/soloaseo.com\/web\/producto\/vaso-espumado-4oz-blanco-paquete-x25-wau\/#primaryimage\"},\"thumbnailUrl\":\"https:\/\/soloaseo.com\/web\/wp-content\/uploads\/2024\/04\/A01260-VASO-ESPUMADO-4-OZ-BLANCO-REF.-17204-WAU-PQ-X-25-2.png\",\"datePublished\":\"2024-04-30T21:32:07+00:00\",\"dateModified\":\"2024-04-30T21:35:17+00:00\",\"description\":\"Con un tama\u00f1o de 4 oz, estos vasos son ideales para servir bebidas fr\u00edas o calientes en reuniones, eventos corporativos o en el d\u00eda a d\u00eda en la oficina. Su dise\u00f1o resistente y su color blanco cl\u00e1sico los hacen perfectos para cualquier ocasi\u00f3n.\",\"breadcrumb\":{\"@id\":\"https:\/\/soloaseo.com\/web\/producto\/vaso-espumado-4oz-blanco-paquete-x25-wau\/#breadcrumb\"},\"inLanguage\":\"es\",\"potentialAction\":[{\"@type\":\"ReadAction\",\"target\":[\"https:\/\/soloaseo.com\/web\/producto\/vaso-espumado-4oz-blanco-paquete-x25-wau\/\"]}]},{\"@type\":\"ImageObject\",\"inLanguage\":\"es\",\"@id\":\"https:\/\/soloaseo.com\/web\/producto\/vaso-espumado-4oz-blanco-paquete-x25-wau\/#primaryimage\",\"url\":\"https:\/\/soloaseo.com\/web\/wp-content\/uploads\/2024\/04\/A01260-VASO-ESPUMADO-4-OZ-BLANCO-REF.-17204-WAU-PQ-X-25-2.png\",\"contentUrl\":\"https:\/\/soloaseo.com\/web\/wp-content\/uploads\/2024\/04\/A01260-VASO-ESPUMADO-4-OZ-BLANCO-REF.-17204-WAU-PQ-X-25-2.png\",\"width\":500,\"height\":375},{\"@type\":\"BreadcrumbList\",\"@id\":\"https:\/\/soloaseo.com\/web\/producto\/vaso-espumado-4oz-blanco-paquete-x25-wau\/#breadcrumb\",\"itemListElement\":[{\"@type\":\"ListItem\",\"position\":1,\"name\":\"Home\",\"item\":\"https:\/\/soloaseo.com\/web\/\"},{\"@type\":\"ListItem\",\"position\":2,\"name\":\"Productos\",\"item\":\"https:\/\/soloaseo.com\/web\/shop\/\"},{\"@type\":\"ListItem\",\"position\":3,\"name\":\"Vaso Espumado 4oz Blanco Paquete x25 Wau\"}]},{\"@type\":\"WebSite\",\"@id\":\"https:\/\/soloaseo.com\/web\/#website\",\"url\":\"https:\/\/soloaseo.com\/web\/\",\"name\":\"Soloaseo Distribuciones SAS\",\"description\":\"Empresa distribuidora de productos de limpieza y suministros de higiene para su negocio.\",\"potentialAction\":[{\"@type\":\"SearchAction\",\"target\":{\"@type\":\"EntryPoint\",\"urlTemplate\":\"https:\/\/soloaseo.com\/web\/?s={search_term_string}\"},\"query-input\":{\"@type\":\"PropertyValueSpecification\",\"valueRequired\":true,\"valueName\":\"search_term_string\"}}],\"inLanguage\":\"es\"}]}<\/script>\n<!-- \/ Yoast SEO plugin. -->","yoast_head_json":{"title":"Vaso Espumado 4oz Blanco Paquete x25 Wau - Soloaseo Distribuciones SAS","description":"Con un tama\u00f1o de 4 oz, estos vasos son ideales para servir bebidas fr\u00edas o calientes en reuniones, eventos corporativos o en el d\u00eda a d\u00eda en la oficina. Su dise\u00f1o resistente y su color blanco cl\u00e1sico los hacen perfectos para cualquier ocasi\u00f3n.","robots":{"index":"index","follow":"follow","max-snippet":"max-snippet:-1","max-image-preview":"max-image-preview:large","max-video-preview":"max-video-preview:-1"},"canonical":"https:\/\/soloaseo.com\/web\/producto\/vaso-espumado-4oz-blanco-paquete-x25-wau\/","og_locale":"es_ES","og_type":"article","og_title":"Vaso Espumado 4oz Blanco Paquete x25 Wau - Soloaseo Distribuciones SAS","og_description":"Con un tama\u00f1o de 4 oz, estos vasos son ideales para servir bebidas fr\u00edas o calientes en reuniones, eventos corporativos o en el d\u00eda a d\u00eda en la oficina. Su dise\u00f1o resistente y su color blanco cl\u00e1sico los hacen perfectos para cualquier ocasi\u00f3n.","og_url":"https:\/\/soloaseo.com\/web\/producto\/vaso-espumado-4oz-blanco-paquete-x25-wau\/","og_site_name":"Soloaseo Distribuciones SAS","article_publisher":"https:\/\/www.facebook.com\/Soloaseo\/","article_modified_time":"2024-04-30T21:35:17+00:00","og_image":[{"width":500,"height":375,"url":"https:\/\/soloaseo.com\/web\/wp-content\/uploads\/2024\/04\/A01260-VASO-ESPUMADO-4-OZ-BLANCO-REF.-17204-WAU-PQ-X-25-2.png","type":"image\/png"}],"twitter_card":"summary_large_image","twitter_misc":{"Tiempo de lectura":"1 minuto"},"schema":{"@context":"https:\/\/schema.org","@graph":[{"@type":"WebPage","@id":"https:\/\/soloaseo.com\/web\/producto\/vaso-espumado-4oz-blanco-paquete-x25-wau\/","url":"https:\/\/soloaseo.com\/web\/producto\/vaso-espumado-4oz-blanco-paquete-x25-wau\/","name":"Vaso Espumado 4oz Blanco Paquete x25 Wau - Soloaseo Distribuciones SAS","isPartOf":{"@id":"https:\/\/soloaseo.com\/web\/#website"},"primaryImageOfPage":{"@id":"https:\/\/soloaseo.com\/web\/producto\/vaso-espumado-4oz-blanco-paquete-x25-wau\/#primaryimage"},"image":{"@id":"https:\/\/soloaseo.com\/web\/producto\/vaso-espumado-4oz-blanco-paquete-x25-wau\/#primaryimage"},"thumbnailUrl":"https:\/\/soloaseo.com\/web\/wp-content\/uploads\/2024\/04\/A01260-VASO-ESPUMADO-4-OZ-BLANCO-REF.-17204-WAU-PQ-X-25-2.png","datePublished":"2024-04-30T21:32:07+00:00","dateModified":"2024-04-30T21:35:17+00:00","description":"Con un tama\u00f1o de 4 oz, estos vasos son ideales para servir bebidas fr\u00edas o calientes en reuniones, eventos corporativos o en el d\u00eda a d\u00eda en la oficina. Su dise\u00f1o resistente y su color blanco cl\u00e1sico los hacen perfectos para cualquier ocasi\u00f3n.","breadcrumb":{"@id":"https:\/\/soloaseo.com\/web\/producto\/vaso-espumado-4oz-blanco-paquete-x25-wau\/#breadcrumb"},"inLanguage":"es","potentialAction":[{"@type":"ReadAction","target":["https:\/\/soloaseo.com\/web\/producto\/vaso-espumado-4oz-blanco-paquete-x25-wau\/"]}]},{"@type":"ImageObject","inLanguage":"es","@id":"https:\/\/soloaseo.com\/web\/producto\/vaso-espumado-4oz-blanco-paquete-x25-wau\/#primaryimage","url":"https:\/\/soloaseo.com\/web\/wp-content\/uploads\/2024\/04\/A01260-VASO-ESPUMADO-4-OZ-BLANCO-REF.-17204-WAU-PQ-X-25-2.png","contentUrl":"https:\/\/soloaseo.com\/web\/wp-content\/uploads\/2024\/04\/A01260-VASO-ESPUMADO-4-OZ-BLANCO-REF.-17204-WAU-PQ-X-25-2.png","width":500,"height":375},{"@type":"BreadcrumbList","@id":"https:\/\/soloaseo.com\/web\/producto\/vaso-espumado-4oz-blanco-paquete-x25-wau\/#breadcrumb","itemListElement":[{"@type":"ListItem","position":1,"name":"Home","item":"https:\/\/soloaseo.com\/web\/"},{"@type":"ListItem","position":2,"name":"Productos","item":"https:\/\/soloaseo.com\/web\/shop\/"},{"@type":"ListItem","position":3,"name":"Vaso Espumado 4oz Blanco Paquete x25 Wau"}]},{"@type":"WebSite","@id":"https:\/\/soloaseo.com\/web\/#website","url":"https:\/\/soloaseo.com\/web\/","name":"Soloaseo Distribuciones SAS","description":"Empresa distribuidora de productos de limpieza y suministros de higiene para su negocio.","potentialAction":[{"@type":"SearchAction","target":{"@type":"EntryPoint","urlTemplate":"https:\/\/soloaseo.com\/web\/?s={search_term_string}"},"query-input":{"@type":"PropertyValueSpecification","valueRequired":true,"valueName":"search_term_string"}}],"inLanguage":"es"}]}},"jetpack_sharing_enabled":true,"_links":{"self":[{"href":"https:\/\/soloaseo.com\/web\/wp-json\/wp\/v2\/product\/2680"}],"collection":[{"href":"https:\/\/soloaseo.com\/web\/wp-json\/wp\/v2\/product"}],"about":[{"href":"https:\/\/soloaseo.com\/web\/wp-json\/wp\/v2\/types\/product"}],"replies":[{"embeddable":true,"href":"https:\/\/soloaseo.com\/web\/wp-json\/wp\/v2\/comments?post=2680"}],"wp:featuredmedia":[{"embeddable":true,"href":"https:\/\/soloaseo.com\/web\/wp-json\/wp\/v2\/media\/2681"}],"wp:attachment":[{"href":"https:\/\/soloaseo.com\/web\/wp-json\/wp\/v2\/media?parent=2680"}],"wp:term":[{"taxonomy":"product_brand","embeddable":true,"href":"https:\/\/soloaseo.com\/web\/wp-json\/wp\/v2\/product_brand?post=2680"},{"taxonomy":"product_cat","embeddable":true,"href":"https:\/\/soloaseo.com\/web\/wp-json\/wp\/v2\/product_cat?post=2680"},{"taxonomy":"product_tag","embeddable":true,"href":"https:\/\/soloaseo.com\/web\/wp-json\/wp\/v2\/product_tag?post=2680"}],"curies":[{"name":"wp","href":"https:\/\/api.w.org\/{rel}","templated":true}]}}