{"id":3216,"date":"2026-01-30T09:46:14","date_gmt":"2026-01-30T14:46:14","guid":{"rendered":"https:\/\/soloaseo.com\/web\/?post_type=product&#038;p=3216"},"modified":"2026-03-13T09:20:28","modified_gmt":"2026-03-13T14:20:28","slug":"jabon-en-barra-azul-300-gr-rey","status":"publish","type":"product","link":"https:\/\/soloaseo.com\/web\/producto\/jabon-en-barra-azul-300-gr-rey\/","title":{"rendered":"JABON EN BARRA AZUL 300 GR REY"},"content":{"rendered":"<p>El Jab\u00f3n en Barra Azul 300 gr REY es un producto tradicional y vers\u00e1til, formulado para una limpieza efectiva en diversas aplicaciones. Es ampliamente utilizado tanto para la higiene personal como para el lavado de prendas y la limpieza general del hogar.<\/p>\n<p>Su presentaci\u00f3n de 300 gramos ofrece excelente rendimiento y durabilidad. Gracias a su f\u00f3rmula efectiva, ayuda a remover suciedad y manchas, dejando una sensaci\u00f3n de limpieza en cada uso.<\/p>\n<p>REY ofrece un jab\u00f3n en barra confiable y reconocido, ideal para quienes buscan un producto pr\u00e1ctico, rendidor y de m\u00faltiples usos en el hogar.<\/p>\n","protected":false},"excerpt":{"rendered":"<p>Jab\u00f3n en barra azul de 300 gramos, ideal para la limpieza diaria y m\u00faltiples usos en el hogar.<\/p>\n","protected":false},"featured_media":4103,"template":"","meta":[],"product_brand":[],"product_cat":[54,183,16],"product_tag":[181],"class_list":{"0":"post-3216","1":"product","2":"type-product","3":"status-publish","4":"has-post-thumbnail","6":"product_cat-aseo","7":"product_cat-jabon-en-barra","8":"product_cat-sin-categorizar","9":"product_tag-aseo","11":"first","12":"instock","13":"shipping-taxable","14":"purchasable","15":"product-type-simple"},"_links":{"self":[{"href":"https:\/\/soloaseo.com\/web\/wp-json\/wp\/v2\/product\/3216","targetHints":{"allow":["GET"]}}],"collection":[{"href":"https:\/\/soloaseo.com\/web\/wp-json\/wp\/v2\/product"}],"about":[{"href":"https:\/\/soloaseo.com\/web\/wp-json\/wp\/v2\/types\/product"}],"wp:featuredmedia":[{"embeddable":true,"href":"https:\/\/soloaseo.com\/web\/wp-json\/wp\/v2\/media\/4103"}],"wp:attachment":[{"href":"https:\/\/soloaseo.com\/web\/wp-json\/wp\/v2\/media?parent=3216"}],"wp:term":[{"taxonomy":"product_brand","embeddable":true,"href":"https:\/\/soloaseo.com\/web\/wp-json\/wp\/v2\/product_brand?post=3216"},{"taxonomy":"product_cat","embeddable":true,"href":"https:\/\/soloaseo.com\/web\/wp-json\/wp\/v2\/product_cat?post=3216"},{"taxonomy":"product_tag","embeddable":true,"href":"https:\/\/soloaseo.com\/web\/wp-json\/wp\/v2\/product_tag?post=3216"}],"curies":[{"name":"wp","href":"https:\/\/api.w.org\/{rel}","templated":true}]}}