{"id":3250,"date":"2026-01-30T09:46:17","date_gmt":"2026-01-30T14:46:17","guid":{"rendered":"https:\/\/soloaseo.com\/web\/?post_type=product&#038;p=3250"},"modified":"2026-03-12T13:47:46","modified_gmt":"2026-03-12T18:47:46","slug":"promo-jabon-espuma-suave-para-manos-bt-800-ml-ref-97006-kleenex","status":"publish","type":"product","link":"https:\/\/soloaseo.com\/web\/producto\/promo-jabon-espuma-suave-para-manos-bt-800-ml-ref-97006-kleenex\/","title":{"rendered":"PROMO &#8211; JABON ESPUMA SUAVE PARA MANOS BT 800 ML REF. 97006 KLEENEX"},"content":{"rendered":"<p>El Jab\u00f3n Espuma Suave para Manos BT 800 ml Ref. 97006 KLEENEX est\u00e1 formulado para brindar una limpieza eficaz y delicada de las manos, cuidando la piel incluso con lavados frecuentes. Su textura en espuma facilita la aplicaci\u00f3n, permite un enjuague r\u00e1pido y deja una sensaci\u00f3n agradable.<\/p>\n<p>Su presentaci\u00f3n de 800 ml es ideal para ba\u00f1os institucionales, oficinas, centros educativos y espacios de alto tr\u00e1nsito, especialmente en dispensadores compatibles KLEENEX. Ayuda a mantener altos est\u00e1ndares de higiene con un consumo eficiente del producto.<\/p>\n<p>KLEENEX ofrece un jab\u00f3n espuma confiable y de calidad profesional, dise\u00f1ado para combinar limpieza, suavidad y comodidad en el uso diario.<\/p>\n","protected":false},"excerpt":{"rendered":"<p>Jab\u00f3n espuma suave para manos BT de 800 ml, ideal para una limpieza delicada y uso frecuente.<\/p>\n","protected":false},"featured_media":3995,"template":"","meta":[],"product_brand":[],"product_cat":[54,164,16],"product_tag":[181],"class_list":{"0":"post-3250","1":"product","2":"type-product","3":"status-publish","4":"has-post-thumbnail","6":"product_cat-aseo","7":"product_cat-cuidado-personal-aseo","8":"product_cat-sin-categorizar","9":"product_tag-aseo","11":"first","12":"instock","13":"shipping-taxable","14":"purchasable","15":"product-type-simple"},"_links":{"self":[{"href":"https:\/\/soloaseo.com\/web\/wp-json\/wp\/v2\/product\/3250","targetHints":{"allow":["GET"]}}],"collection":[{"href":"https:\/\/soloaseo.com\/web\/wp-json\/wp\/v2\/product"}],"about":[{"href":"https:\/\/soloaseo.com\/web\/wp-json\/wp\/v2\/types\/product"}],"wp:featuredmedia":[{"embeddable":true,"href":"https:\/\/soloaseo.com\/web\/wp-json\/wp\/v2\/media\/3995"}],"wp:attachment":[{"href":"https:\/\/soloaseo.com\/web\/wp-json\/wp\/v2\/media?parent=3250"}],"wp:term":[{"taxonomy":"product_brand","embeddable":true,"href":"https:\/\/soloaseo.com\/web\/wp-json\/wp\/v2\/product_brand?post=3250"},{"taxonomy":"product_cat","embeddable":true,"href":"https:\/\/soloaseo.com\/web\/wp-json\/wp\/v2\/product_cat?post=3250"},{"taxonomy":"product_tag","embeddable":true,"href":"https:\/\/soloaseo.com\/web\/wp-json\/wp\/v2\/product_tag?post=3250"}],"curies":[{"name":"wp","href":"https:\/\/api.w.org\/{rel}","templated":true}]}}