{"id":3643,"date":"2026-03-10T10:24:26","date_gmt":"2026-03-10T15:24:26","guid":{"rendered":"https:\/\/soloaseo.com\/web\/?post_type=product&#038;p=3643"},"modified":"2026-03-12T12:20:26","modified_gmt":"2026-03-12T17:20:26","slug":"servilleta-dh-lujo-extra-33-x-33-cm-blanco-ref-622001-pq-x-200-elite","status":"publish","type":"product","link":"https:\/\/soloaseo.com\/web\/producto\/servilleta-dh-lujo-extra-33-x-33-cm-blanco-ref-622001-pq-x-200-elite\/","title":{"rendered":"SERVILLETA DH LUJO EXTRA 33 X 33 CM BLANCO REF. 622001 PQ X 200 ELITE"},"content":{"rendered":"<p>La Servilleta DH Lujo Extra Elite blanca de 33 \u00d7 33 cm en presentaci\u00f3n de 200 unidades est\u00e1 dise\u00f1ada para brindar una experiencia superior en servicios de alimentaci\u00f3n que priorizan imagen y calidad. Fabricadas en papel de alto desempe\u00f1o, ofrecen excelente absorci\u00f3n, suavidad y resistencia, ideales para entornos de atenci\u00f3n profesional.<\/p>\n<p>Pensadas para negocios que valoran el detalle, estas servilletas combinan est\u00e9tica premium, funcionalidad y rendimiento confiable, manteniendo altos est\u00e1ndares de higiene y presentaci\u00f3n.<\/p>\n","protected":false},"excerpt":{"rendered":"<p>Servilleta Elite DH lujo extra 33\u00d733 cm blanca, paquete x 200. Elegancia, alta absorci\u00f3n y presentaci\u00f3n premium para servicio profesional.<\/p>\n","protected":false},"featured_media":3644,"template":"","meta":[],"product_brand":[],"product_cat":[84,83,88],"product_tag":[180],"class_list":{"0":"post-3643","1":"product","2":"type-product","3":"status-publish","4":"has-post-thumbnail","6":"product_cat-blanca","7":"product_cat-papeleros","8":"product_cat-servilletas","9":"product_tag-papeleros","11":"first","12":"instock","13":"shipping-taxable","14":"product-type-simple"},"_links":{"self":[{"href":"https:\/\/soloaseo.com\/web\/wp-json\/wp\/v2\/product\/3643","targetHints":{"allow":["GET"]}}],"collection":[{"href":"https:\/\/soloaseo.com\/web\/wp-json\/wp\/v2\/product"}],"about":[{"href":"https:\/\/soloaseo.com\/web\/wp-json\/wp\/v2\/types\/product"}],"wp:featuredmedia":[{"embeddable":true,"href":"https:\/\/soloaseo.com\/web\/wp-json\/wp\/v2\/media\/3644"}],"wp:attachment":[{"href":"https:\/\/soloaseo.com\/web\/wp-json\/wp\/v2\/media?parent=3643"}],"wp:term":[{"taxonomy":"product_brand","embeddable":true,"href":"https:\/\/soloaseo.com\/web\/wp-json\/wp\/v2\/product_brand?post=3643"},{"taxonomy":"product_cat","embeddable":true,"href":"https:\/\/soloaseo.com\/web\/wp-json\/wp\/v2\/product_cat?post=3643"},{"taxonomy":"product_tag","embeddable":true,"href":"https:\/\/soloaseo.com\/web\/wp-json\/wp\/v2\/product_tag?post=3643"}],"curies":[{"name":"wp","href":"https:\/\/api.w.org\/{rel}","templated":true}]}}