{"id":4291,"date":"2026-04-07T11:18:21","date_gmt":"2026-04-07T16:18:21","guid":{"rendered":"https:\/\/soloaseo.com\/web\/?post_type=product&#038;p=4291"},"modified":"2026-04-07T14:57:04","modified_gmt":"2026-04-07T19:57:04","slug":"recogedor-de-basura-plastico-con-banda-y-sin-mango","status":"publish","type":"product","link":"https:\/\/soloaseo.com\/web\/producto\/recogedor-de-basura-plastico-con-banda-y-sin-mango\/","title":{"rendered":"RECOGEDOR DE BASURA PLASTICO CON BANDA Y SIN MANGO"},"content":{"rendered":"<p>El Recogedor de Basura Pl\u00e1stico con Banda y sin mango es una herramienta funcional dise\u00f1ada para facilitar la recolecci\u00f3n de residuos de forma r\u00e1pida y eficiente.<\/p>\n<p>Cuenta con banda de goma, que permite un mejor contacto con el suelo, facilitando la recogida de polvo y suciedad sin dejar residuos. Su dise\u00f1o compacto y liviano permite un manejo c\u00f3modo durante su uso.<\/p>\n<p>Est\u00e1 fabricado en pl\u00e1stico resistente, lo que garantiza durabilidad y facilidad de limpieza.<\/p>\n","protected":false},"excerpt":{"rendered":"<p>Recogedor de basura pl\u00e1stico con banda y sin mango, pr\u00e1ctico, resistente y f\u00e1cil de usar.<\/p>\n","protected":false},"featured_media":4292,"template":"","meta":[],"product_brand":[],"product_cat":[57,54,79],"product_tag":[181],"class_list":{"0":"post-4291","1":"product","2":"type-product","3":"status-publish","4":"has-post-thumbnail","6":"product_cat-accesorios-de-limpieza","7":"product_cat-aseo","8":"product_cat-recogedores","9":"product_tag-aseo","11":"first","12":"instock","13":"shipping-taxable","14":"product-type-simple"},"_links":{"self":[{"href":"https:\/\/soloaseo.com\/web\/wp-json\/wp\/v2\/product\/4291","targetHints":{"allow":["GET"]}}],"collection":[{"href":"https:\/\/soloaseo.com\/web\/wp-json\/wp\/v2\/product"}],"about":[{"href":"https:\/\/soloaseo.com\/web\/wp-json\/wp\/v2\/types\/product"}],"wp:featuredmedia":[{"embeddable":true,"href":"https:\/\/soloaseo.com\/web\/wp-json\/wp\/v2\/media\/4292"}],"wp:attachment":[{"href":"https:\/\/soloaseo.com\/web\/wp-json\/wp\/v2\/media?parent=4291"}],"wp:term":[{"taxonomy":"product_brand","embeddable":true,"href":"https:\/\/soloaseo.com\/web\/wp-json\/wp\/v2\/product_brand?post=4291"},{"taxonomy":"product_cat","embeddable":true,"href":"https:\/\/soloaseo.com\/web\/wp-json\/wp\/v2\/product_cat?post=4291"},{"taxonomy":"product_tag","embeddable":true,"href":"https:\/\/soloaseo.com\/web\/wp-json\/wp\/v2\/product_tag?post=4291"}],"curies":[{"name":"wp","href":"https:\/\/api.w.org\/{rel}","templated":true}]}}