{"id":4620,"date":"2026-04-20T16:03:10","date_gmt":"2026-04-20T21:03:10","guid":{"rendered":"https:\/\/soloaseo.com\/web\/?post_type=product&#038;p=4620"},"modified":"2026-04-21T12:29:02","modified_gmt":"2026-04-21T17:29:02","slug":"bolsa-de-basura-papelera-marcada-40-x-55-cm-blanca-pq-x-6","status":"publish","type":"product","link":"https:\/\/soloaseo.com\/web\/producto\/bolsa-de-basura-papelera-marcada-40-x-55-cm-blanca-pq-x-6\/","title":{"rendered":"BOLSA DE BASURA PAPELERA MARCADA 40 X 55 CM BLANCA PQ X 6"},"content":{"rendered":"<p>La Bolsa de Basura Papelera Marcada Blanca de 40 x 55 cm en presentaci\u00f3n de paquete por 6 unidades es una soluci\u00f3n pr\u00e1ctica y eficiente para la recolecci\u00f3n de residuos en papeleras y recipientes de menor tama\u00f1o.<\/p>\n<p>Fabricadas con material resistente y flexible, estas bolsas est\u00e1n dise\u00f1adas para soportar residuos livianos de uso diario, garantizando una adecuada disposici\u00f3n y evitando derrames. Su dise\u00f1o marcado facilita la identificaci\u00f3n dentro de los procesos de limpieza y manejo de residuos, mejorando la organizaci\u00f3n.<\/p>\n","protected":false},"excerpt":{"rendered":"<p>La Bolsa de Basura Papelera Marcada Blanca de 40 x 55 cm en presentaci\u00f3n de paquete por 6 unidades es una soluci\u00f3n pr\u00e1ctica y eficiente para la recolecci\u00f3n de residuos en papeleras y recipientes de menor tama\u00f1o. Fabricadas con material resistente y flexible, estas bolsas est\u00e1n dise\u00f1adas para soportar residuos livianos de uso diario, garantizando [&hellip;]<\/p>\n","protected":false},"featured_media":4621,"template":"","meta":[],"product_brand":[],"product_cat":[54,56,67],"product_tag":[181],"class_list":{"0":"post-4620","1":"product","2":"type-product","3":"status-publish","4":"has-post-thumbnail","6":"product_cat-aseo","7":"product_cat-bolsas-de-aseo","8":"product_cat-papelera","9":"product_tag-aseo","11":"first","12":"instock","13":"shipping-taxable","14":"product-type-simple"},"_links":{"self":[{"href":"https:\/\/soloaseo.com\/web\/wp-json\/wp\/v2\/product\/4620","targetHints":{"allow":["GET"]}}],"collection":[{"href":"https:\/\/soloaseo.com\/web\/wp-json\/wp\/v2\/product"}],"about":[{"href":"https:\/\/soloaseo.com\/web\/wp-json\/wp\/v2\/types\/product"}],"wp:featuredmedia":[{"embeddable":true,"href":"https:\/\/soloaseo.com\/web\/wp-json\/wp\/v2\/media\/4621"}],"wp:attachment":[{"href":"https:\/\/soloaseo.com\/web\/wp-json\/wp\/v2\/media?parent=4620"}],"wp:term":[{"taxonomy":"product_brand","embeddable":true,"href":"https:\/\/soloaseo.com\/web\/wp-json\/wp\/v2\/product_brand?post=4620"},{"taxonomy":"product_cat","embeddable":true,"href":"https:\/\/soloaseo.com\/web\/wp-json\/wp\/v2\/product_cat?post=4620"},{"taxonomy":"product_tag","embeddable":true,"href":"https:\/\/soloaseo.com\/web\/wp-json\/wp\/v2\/product_tag?post=4620"}],"curies":[{"name":"wp","href":"https:\/\/api.w.org\/{rel}","templated":true}]}}